CRAN Package Check Results for Package r2glmm

Last updated on 2019-10-21 23:49:59 CEST.

Flavor Version Tinstall Tcheck Ttotal Status Flags
r-devel-linux-x86_64-debian-clang 0.1.2 3.17 36.94 40.11 OK
r-devel-linux-x86_64-debian-gcc 0.1.2 2.74 28.95 31.69 OK
r-devel-linux-x86_64-fedora-clang 0.1.2 48.89 NOTE
r-devel-linux-x86_64-fedora-gcc 0.1.2 47.52 NOTE
r-devel-windows-ix86+x86_64 0.1.2 10.00 83.00 93.00 OK
r-patched-linux-x86_64 0.1.2 2.86 36.55 39.41 OK
r-patched-solaris-x86 0.1.2 70.10 NOTE
r-release-linux-x86_64 0.1.2 2.89 37.09 39.98 OK
r-release-windows-ix86+x86_64 0.1.2 11.00 51.00 62.00 OK
r-release-osx-x86_64 0.1.2 NOTE
r-oldrel-windows-ix86+x86_64 0.1.2 4.00 46.00 50.00 OK
r-oldrel-osx-x86_64 0.1.2 NOTE

Check Details

Version: 0.1.2
Check: dependencies in R code
Result: NOTE
    Namespaces in Imports field not imported from:
     ‘data.table’ ‘dplyr’ ‘lmerTest’
     All declared Imports should be used.
Flavors: r-devel-linux-x86_64-fedora-clang, r-devel-linux-x86_64-fedora-gcc, r-patched-solaris-x86, r-release-osx-x86_64, r-oldrel-osx-x86_64