CRAN Package Check Results for Package r3js

Last updated on 2023-04-01 11:51:38 CEST.

Flavor Version Tinstall Tcheck Ttotal Status Flags
r-devel-linux-x86_64-debian-clang 0.0.2 4.59 167.12 171.71 OK
r-devel-linux-x86_64-debian-gcc 0.0.2 2.96 125.68 128.64 OK
r-devel-linux-x86_64-fedora-clang 0.0.2 205.42 NOTE
r-devel-linux-x86_64-fedora-gcc 0.0.2 216.59 OK
r-devel-windows-x86_64 0.0.2 20.00 230.00 250.00 NOTE
r-patched-linux-x86_64 0.0.2 6.71 158.53 165.24 OK
r-release-linux-x86_64 0.0.2 3.94 159.68 163.62 OK
r-release-macos-arm64 0.0.2 54.00 NOTE
r-release-macos-x86_64 0.0.2 76.00 NOTE
r-release-windows-x86_64 0.0.2 90.00 251.00 341.00 NOTE
r-oldrel-macos-arm64 0.0.2 48.00 NOTE
r-oldrel-macos-x86_64 0.0.2 83.00 NOTE
r-oldrel-windows-ix86+x86_64 0.0.2 11.00 199.00 210.00 NOTE

Check Details

Version: 0.0.2
Check: installed package size
Result: NOTE
     installed size is 7.4Mb
     sub-directories of 1Mb or more:
     doc 5.3Mb
     htmlwidgets 1.8Mb
Flavors: r-devel-linux-x86_64-fedora-clang, r-devel-windows-x86_64, r-release-macos-arm64, r-release-macos-x86_64, r-release-windows-x86_64, r-oldrel-macos-arm64, r-oldrel-macos-x86_64, r-oldrel-windows-ix86+x86_64