CRAN Package Check Results for Package r511

Last updated on 2019-10-18 17:48:38 CEST.

Flavor Version Tinstall Tcheck Ttotal Status Flags
r-devel-linux-x86_64-debian-clang 0.1.1 2.88 28.59 31.47 NOTE
r-devel-linux-x86_64-debian-gcc 0.1.1 2.40 22.96 25.36 NOTE
r-devel-linux-x86_64-fedora-clang 0.1.1 40.19 NOTE
r-devel-linux-x86_64-fedora-gcc 0.1.1 38.75 NOTE
r-devel-windows-ix86+x86_64 0.1.1 13.00 40.00 53.00 NOTE
r-patched-linux-x86_64 0.1.1 2.61 27.39 30.00 OK
r-patched-solaris-x86 0.1.1 59.10 NOTE
r-release-linux-x86_64 0.1.1 2.55 27.27 29.82 OK
r-release-windows-ix86+x86_64 0.1.1 7.00 62.00 69.00 OK
r-release-osx-x86_64 0.1.1 NOTE
r-oldrel-windows-ix86+x86_64 0.1.1 4.00 39.00 43.00 OK
r-oldrel-osx-x86_64 0.1.1 NOTE

Check Details

Version: 0.1.1
Check: package vignettes
Result: NOTE
    Package vignette with placeholder title 'Vignette Title':
     'r511-intro.Rmd'
Flavors: r-devel-linux-x86_64-debian-clang, r-devel-linux-x86_64-debian-gcc, r-devel-windows-ix86+x86_64

Version: 0.1.1
Check: dependencies in R code
Result: NOTE
    Namespace in Imports field not imported from: ‘dplyr’
     All declared Imports should be used.
Flavors: r-devel-linux-x86_64-fedora-clang, r-devel-linux-x86_64-fedora-gcc, r-patched-solaris-x86, r-release-osx-x86_64, r-oldrel-osx-x86_64