Last updated on 2023-03-26 17:49:51 CEST.
Flavor | Version | Tinstall | Tcheck | Ttotal | Status | Flags |
---|---|---|---|---|---|---|
r-devel-linux-x86_64-debian-clang | 0.1.4 | 9.22 | 96.51 | 105.73 | OK | |
r-devel-linux-x86_64-debian-gcc | 0.1.4 | 6.89 | 72.35 | 79.24 | OK | |
r-devel-linux-x86_64-fedora-clang | 0.1.4 | 143.04 | OK | |||
r-devel-linux-x86_64-fedora-gcc | 0.1.4 | 142.36 | OK | |||
r-patched-linux-x86_64 | 0.1.4 | 7.65 | 91.46 | 99.11 | OK | |
r-release-linux-x86_64 | 0.1.4 | 7.53 | 95.37 | 102.90 | OK | |
r-release-macos-arm64 | 0.1.4 | 40.00 | OK | |||
r-release-macos-x86_64 | 0.1.4 | 60.00 | OK | |||
r-release-windows-x86_64 | 0.1.4 | 23.00 | 139.00 | 162.00 | OK | |
r-oldrel-macos-arm64 | 0.1.4 | 38.00 | OK | |||
r-oldrel-macos-x86_64 | 0.1.4 | 63.00 | OK | |||
r-oldrel-windows-ix86+x86_64 | 0.1.4 | 19.00 | 158.00 | 177.00 | NOTE |
Version: 0.1.4
Check: R code for possible problems
Result: NOTE
Initiating curl with CURL_SSL_BACKEND: openssl
Flavor: r-oldrel-windows-ix86+x86_64