Last updated on 2024-03-29 11:54:03 CET.
Flavor | Version | Tinstall | Tcheck | Ttotal | Status | Flags |
---|---|---|---|---|---|---|
r-devel-linux-x86_64-debian-clang | 1.0.68 | 5.33 | 37.80 | 43.13 | OK | |
r-devel-linux-x86_64-debian-gcc | 1.0.68 | 4.07 | 29.09 | 33.16 | OK | |
r-devel-linux-x86_64-fedora-clang | 1.0.68 | 54.52 | OK | |||
r-devel-linux-x86_64-fedora-gcc | 1.0.68 | 52.33 | OK | |||
r-devel-windows-x86_64 | 1.0.68 | 6.00 | 51.00 | 57.00 | OK | |
r-patched-linux-x86_64 | 1.0.68 | 3.67 | 37.13 | 40.80 | OK | |
r-release-linux-x86_64 | 1.0.68 | 3.64 | 37.09 | 40.73 | OK | |
r-release-macos-arm64 | 1.0.68 | 20.00 | OK | |||
r-release-macos-x86_64 | 1.0.68 | 28.00 | NOTE | |||
r-release-windows-x86_64 | 1.0.68 | 7.00 | 56.00 | 63.00 | OK | |
r-oldrel-macos-arm64 | 1.0.68 | 19.00 | OK | |||
r-oldrel-windows-x86_64 | 1.0.68 | 7.00 | 59.00 | 66.00 | OK |
Version: 1.0.68
Check: package dependencies
Result: NOTE
Package suggested but not available for checking: ‘evolMap’
Flavor: r-release-macos-x86_64
Version: 1.0.68
Check: dependencies in R code
Result: NOTE
Unavailable namespace imported from by a ':::' call: ‘evolMap’
See the note in ?`:::` about the use of this operator.
Flavor: r-release-macos-x86_64