Last updated on 2024-08-16 11:49:49 CEST.
Flavor | Version | Tinstall | Tcheck | Ttotal | Status | Flags |
---|---|---|---|---|---|---|
r-devel-linux-x86_64-debian-clang | 1.15.4 | 130.35 | 74.09 | 204.44 | OK | |
r-devel-linux-x86_64-debian-gcc | 1.15.4 | 101.44 | 53.22 | 154.66 | OK | |
r-devel-linux-x86_64-fedora-clang | 1.15.4 | 387.97 | OK | |||
r-devel-linux-x86_64-fedora-gcc | 1.15.4 | 436.02 | OK | |||
r-devel-windows-x86_64 | 1.15.4 | 112.00 | 181.00 | 293.00 | OK | |
r-patched-linux-x86_64 | 1.15.4 | 141.70 | 68.54 | 210.24 | OK | |
r-release-linux-x86_64 | 1.15.4 | 143.13 | 72.07 | 215.20 | OK | |
r-release-macos-arm64 | 1.15.4 | 126.00 | NOTE | |||
r-release-macos-x86_64 | 1.15.4 | 106.00 | NOTE | |||
r-release-windows-x86_64 | 1.15.4 | 116.00 | 189.00 | 305.00 | OK | |
r-oldrel-macos-arm64 | 1.15.4 | 102.00 | NOTE | |||
r-oldrel-macos-x86_64 | 1.15.4 | 152.00 | NOTE | |||
r-oldrel-windows-x86_64 | 1.15.4 | 112.00 | 213.00 | 325.00 | OK |
Version: 1.15.4
Check: installed package size
Result: NOTE
installed size is 11.9Mb
sub-directories of 1Mb or more:
libs 11.1Mb
Flavors: r-release-macos-arm64, r-release-macos-x86_64, r-oldrel-macos-arm64, r-oldrel-macos-x86_64