CRAN Package Check Results for Package rIP

Last updated on 2022-05-18 18:52:31 CEST.

Flavor Version Tinstall Tcheck Ttotal Status Flags
r-devel-linux-x86_64-debian-clang 1.2.0 5.40 66.26 71.66 NOTE
r-devel-linux-x86_64-debian-gcc 1.2.0 3.96 48.90 52.86 NOTE
r-devel-linux-x86_64-fedora-clang 1.2.0 87.20 NOTE
r-devel-linux-x86_64-fedora-gcc 1.2.0 81.43 NOTE
r-devel-windows-x86_64 1.2.0 15.00 81.00 96.00 NOTE
r-patched-linux-x86_64 1.2.0 5.36 61.25 66.61 NOTE
r-release-linux-x86_64 1.2.0 5.95 59.91 65.86 NOTE
r-release-macos-arm64 1.2.0 21.00 NOTE
r-release-macos-x86_64 1.2.0 45.00 NOTE
r-release-windows-x86_64 1.2.0 16.00 79.00 95.00 NOTE
r-oldrel-macos-arm64 1.2.0 27.00 NOTE
r-oldrel-macos-x86_64 1.2.0 45.00 NOTE
r-oldrel-windows-ix86+x86_64 1.2.0 16.00 75.00 91.00 NOTE

Check Details

Version: 1.2.0
Check: LazyData
Result: NOTE
     'LazyData' is specified without a 'data' directory
Flavors: r-devel-linux-x86_64-debian-clang, r-devel-linux-x86_64-debian-gcc, r-devel-linux-x86_64-fedora-clang, r-devel-linux-x86_64-fedora-gcc, r-devel-windows-x86_64, r-patched-linux-x86_64, r-release-linux-x86_64, r-release-macos-arm64, r-release-macos-x86_64, r-release-windows-x86_64, r-oldrel-macos-arm64, r-oldrel-macos-x86_64, r-oldrel-windows-ix86+x86_64