CRAN Package Check Results for Package rMVP

Last updated on 2021-06-19 17:50:28 CEST.

Flavor Version Tinstall Tcheck Ttotal Status Flags
r-devel-linux-x86_64-debian-clang 1.0.6 137.73 72.93 210.66 OK
r-devel-linux-x86_64-debian-gcc 1.0.6 89.72 54.43 144.15 OK
r-devel-linux-x86_64-fedora-clang 1.0.6 279.11 NOTE
r-devel-linux-x86_64-fedora-gcc 1.0.6 251.64 NOTE
r-devel-windows-x86_64 1.0.6 156.00 75.00 231.00 OK
r-devel-windows-x86_64-gcc10-UCRT 1.0.6 NOTE
r-patched-linux-x86_64 1.0.6 105.23 68.61 173.84 OK
r-patched-solaris-x86 1.0.6 234.30 NOTE
r-release-linux-x86_64 1.0.6 109.25 68.74 177.99 OK
r-release-macos-arm64 1.0.6 NOTE
r-release-macos-x86_64 1.0.6 NOTE
r-release-windows-ix86+x86_64 1.0.6 287.00 131.00 418.00 OK
r-oldrel-macos-x86_64 1.0.6 NOTE
r-oldrel-windows-ix86+x86_64 1.0.6 214.00 129.00 343.00 OK

Check Details

Version: 1.0.6
Check: installed package size
Result: NOTE
     installed size is 18.5Mb
     sub-directories of 1Mb or more:
     libs 17.2Mb
Flavors: r-devel-linux-x86_64-fedora-clang, r-release-macos-arm64, r-release-macos-x86_64, r-oldrel-macos-x86_64

Version: 1.0.6
Check: dependencies in R code
Result: NOTE
    Namespace in Imports field not imported from: ‘Rcpp’
     All declared Imports should be used.
Flavors: r-devel-linux-x86_64-fedora-clang, r-devel-linux-x86_64-fedora-gcc, r-devel-windows-x86_64-gcc10-UCRT, r-patched-solaris-x86, r-release-macos-arm64, r-release-macos-x86_64, r-oldrel-macos-x86_64