CRAN Package Check Results for Package rModeling

Last updated on 2021-01-17 11:49:34 CET.

Flavor Version Tinstall Tcheck Ttotal Status Flags
r-devel-linux-x86_64-debian-clang 0.0.3 2.31 31.07 33.38 OK
r-devel-linux-x86_64-debian-gcc 0.0.3 1.70 25.02 26.72 OK
r-devel-linux-x86_64-fedora-clang 0.0.3 50.49 NOTE
r-devel-linux-x86_64-fedora-gcc 0.0.3 40.63 NOTE
r-devel-windows-ix86+x86_64 0.0.3 6.00 42.00 48.00 OK
r-patched-linux-x86_64 0.0.3 2.24 30.30 32.54 OK
r-patched-solaris-x86 0.0.3 61.20 NOTE
r-release-linux-x86_64 0.0.3 2.33 31.13 33.46 OK
r-release-macos-x86_64 0.0.3 NOTE
r-release-windows-ix86+x86_64 0.0.3 6.00 38.00 44.00 OK
r-oldrel-macos-x86_64 0.0.3 NOTE
r-oldrel-windows-ix86+x86_64 0.0.3 4.00 41.00 45.00 OK

Check Details

Version: 0.0.3
Check: dependencies in R code
Result: NOTE
    Namespace in Imports field not imported from: ‘e1071’
     All declared Imports should be used.
Flavors: r-devel-linux-x86_64-fedora-clang, r-devel-linux-x86_64-fedora-gcc, r-patched-solaris-x86, r-release-macos-x86_64, r-oldrel-macos-x86_64