CRAN Package Check Results for Package rODE

Last updated on 2019-11-18 18:48:32 CET.

Flavor Version Tinstall Tcheck Ttotal Status Flags
r-devel-linux-x86_64-debian-clang 0.99.6 4.80 104.17 108.97 OK
r-devel-linux-x86_64-debian-gcc 0.99.6 4.36 78.04 82.40 OK
r-devel-linux-x86_64-fedora-clang 0.99.6 118.71 NOTE
r-devel-linux-x86_64-fedora-gcc 0.99.6 124.21 NOTE
r-devel-windows-ix86+x86_64 0.99.6 20.00 115.00 135.00 OK
r-patched-linux-x86_64 0.99.6 4.68 93.31 97.99 OK
r-patched-solaris-x86 0.99.6 154.20 NOTE
r-release-linux-x86_64 0.99.6 4.17 92.81 96.98 OK
r-release-windows-ix86+x86_64 0.99.6 10.00 138.00 148.00 OK
r-release-osx-x86_64 0.99.6 NOTE
r-oldrel-windows-ix86+x86_64 0.99.6 12.00 130.00 142.00 OK
r-oldrel-osx-x86_64 0.99.6 NOTE

Check Details

Version: 0.99.6
Check: dependencies in R code
Result: NOTE
    Namespace in Imports field not imported from: ‘data.table’
     All declared Imports should be used.
Flavors: r-devel-linux-x86_64-fedora-clang, r-devel-linux-x86_64-fedora-gcc, r-patched-solaris-x86, r-release-osx-x86_64, r-oldrel-osx-x86_64