Last updated on 2023-03-29 06:53:45 CEST.
Flavor | Version | Tinstall | Tcheck | Ttotal | Status | Flags |
---|---|---|---|---|---|---|
r-devel-linux-x86_64-debian-clang | 1.5.0 | 13.70 | 102.61 | 116.31 | OK | |
r-devel-linux-x86_64-debian-gcc | 1.5.0 | 9.92 | 75.27 | 85.19 | OK | |
r-devel-linux-x86_64-fedora-clang | 1.5.0 | 138.30 | OK | |||
r-devel-linux-x86_64-fedora-gcc | 1.5.0 | 137.57 | OK | |||
r-devel-windows-x86_64 | 1.5.0 | 69.00 | 0.00 | 69.00 | OK | |
r-patched-linux-x86_64 | 1.5.0 | 13.67 | 93.87 | 107.54 | OK | |
r-release-linux-x86_64 | 1.5.0 | 10.96 | 101.36 | 112.32 | OK | |
r-release-macos-arm64 | 1.5.0 | 43.00 | OK | |||
r-release-macos-x86_64 | 1.5.0 | 58.00 | OK | |||
r-release-windows-x86_64 | 1.5.0 | 54.00 | 144.00 | 198.00 | OK | |
r-oldrel-macos-arm64 | 1.5.0 | 50.00 | OK | |||
r-oldrel-macos-x86_64 | 1.5.0 | 61.00 | OK | |||
r-oldrel-windows-ix86+x86_64 | 1.5.0 | 33.00 | 136.00 | 169.00 | NOTE |
Version: 1.5.0
Check: R code for possible problems
Result: NOTE
Initiating curl with CURL_SSL_BACKEND: openssl
Flavor: r-oldrel-windows-ix86+x86_64