Last updated on 2021-01-27 17:48:57 CET.
Flavor | Version | Tinstall | Tcheck | Ttotal | Status | Flags |
---|---|---|---|---|---|---|
r-devel-linux-x86_64-debian-clang | 1.3.14 | 24.96 | 224.37 | 249.33 | OK | |
r-devel-linux-x86_64-debian-gcc | 1.3.14 | OK | ||||
r-devel-linux-x86_64-fedora-clang | 1.3.14 | 299.75 | NOTE | |||
r-devel-linux-x86_64-fedora-gcc | 1.3.14 | 266.40 | OK | |||
r-devel-windows-ix86+x86_64 | 1.3.14 | 57.00 | 235.00 | 292.00 | OK | |
r-patched-linux-x86_64 | 1.3.14 | 18.10 | 202.58 | 220.68 | OK | |
r-patched-solaris-x86 | 1.3.14 | 387.00 | OK | |||
r-release-linux-x86_64 | 1.3.14 | 16.94 | 206.60 | 223.54 | OK | |
r-release-macos-x86_64 | 1.3.14 | OK | ||||
r-release-windows-ix86+x86_64 | 1.3.14 | 55.00 | 194.00 | 249.00 | OK | |
r-oldrel-macos-x86_64 | 1.3.14 | OK | ||||
r-oldrel-windows-ix86+x86_64 | 1.3.14 | 51.00 | 254.00 | 305.00 | OK |
Version: 1.3.14
Check: package dependencies
Result: NOTE
Imports includes 26 non-default packages.
Importing from so many packages makes the package vulnerable to any of
them becoming unavailable. Move as many as possible to Suggests and
use conditionally.
Flavor: r-devel-linux-x86_64-fedora-clang