Last updated on 2023-03-30 13:51:51 CEST.
Flavor | Version | Tinstall | Tcheck | Ttotal | Status | Flags |
---|---|---|---|---|---|---|
r-devel-linux-x86_64-debian-clang | 2.2.6 | 5.55 | 53.75 | 59.30 | OK | |
r-devel-linux-x86_64-debian-gcc | 2.2.6 | 3.79 | 40.95 | 44.74 | OK | |
r-devel-linux-x86_64-fedora-clang | 2.2.6 | 73.23 | NOTE | |||
r-devel-linux-x86_64-fedora-gcc | 2.2.6 | 84.32 | NOTE | |||
r-devel-windows-x86_64 | 2.2.6 | 27.00 | 0.00 | 27.00 | OK | |
r-patched-linux-x86_64 | 2.2.6 | 5.72 | 51.51 | 57.23 | OK | |
r-release-linux-x86_64 | 2.2.6 | 3.14 | 52.55 | 55.69 | OK | |
r-release-macos-arm64 | 2.2.6 | 25.00 | NOTE | |||
r-release-macos-x86_64 | 2.2.6 | 57.00 | NOTE | |||
r-release-windows-x86_64 | 2.2.6 | 37.00 | 102.00 | 139.00 | OK | |
r-oldrel-macos-arm64 | 2.2.6 | 25.00 | NOTE | |||
r-oldrel-macos-x86_64 | 2.2.6 | 34.00 | NOTE | |||
r-oldrel-windows-ix86+x86_64 | 2.2.6 | 11.00 | 84.00 | 95.00 | OK |
Version: 2.2.6
Check: dependencies in R code
Result: NOTE
Namespaces in Imports field not imported from:
‘qpdf’ ‘utf8’
All declared Imports should be used.
Flavors: r-devel-linux-x86_64-fedora-clang, r-devel-linux-x86_64-fedora-gcc, r-release-macos-arm64, r-release-macos-x86_64, r-oldrel-macos-arm64, r-oldrel-macos-x86_64