CRAN Package Check Results for Package ragt2ridges

Last updated on 2021-06-23 11:52:54 CEST.

Flavor Version Tinstall Tcheck Ttotal Status Flags
r-devel-linux-x86_64-debian-clang 0.3.4 83.43 199.03 282.46 OK
r-devel-linux-x86_64-debian-gcc 0.3.4 62.10 143.32 205.42 OK
r-devel-linux-x86_64-fedora-clang 0.3.4 361.35 NOTE
r-devel-linux-x86_64-fedora-gcc 0.3.4 346.87 NOTE
r-devel-windows-x86_64 0.3.4 97.00 220.00 317.00 OK
r-devel-windows-x86_64-gcc10-UCRT 0.3.4 ERROR
r-patched-linux-x86_64 0.3.4 76.48 185.68 262.16 OK
r-patched-solaris-x86 0.3.4 400.80 NOTE
r-release-linux-x86_64 0.3.4 67.53 184.06 251.59 OK
r-release-macos-arm64 0.3.4 ERROR
r-release-macos-x86_64 0.3.4 NOTE
r-release-windows-ix86+x86_64 0.3.4 132.00 336.00 468.00 OK
r-oldrel-macos-x86_64 0.3.4 NOTE

Check Details

Version: 0.3.4
Check: installed package size
Result: NOTE
     installed size is 8.2Mb
     sub-directories of 1Mb or more:
     libs 7.6Mb
Flavors: r-devel-linux-x86_64-fedora-clang, r-release-macos-x86_64, r-oldrel-macos-x86_64

Version: 0.3.4
Check: dependencies in R code
Result: NOTE
    Namespaces in Imports field not imported from:
     ‘Biobase’ ‘CGHbase’
     All declared Imports should be used.
Flavors: r-devel-linux-x86_64-fedora-clang, r-devel-linux-x86_64-fedora-gcc, r-patched-solaris-x86, r-release-macos-x86_64, r-oldrel-macos-x86_64

Version: 0.3.4
Check: Rd cross-references
Result: NOTE
    Undeclared packages ‘longitudinal’, ‘gRbase’ in Rd xrefs
Flavor: r-devel-linux-x86_64-fedora-clang

Version: 0.3.4
Check: package dependencies
Result: ERROR
    Package required but not available: 'rags2ridges'
    
    See section 'The DESCRIPTION file' in the 'Writing R Extensions'
    manual.
Flavor: r-devel-windows-x86_64-gcc10-UCRT

Version: 0.3.4
Check: package dependencies
Result: ERROR
    Packages required but not available: 'rags2ridges', 'CGHbase'
    
    See section ‘The DESCRIPTION file’ in the ‘Writing R Extensions’
    manual.
Flavor: r-release-macos-arm64