CRAN Package Check Results for Package rainette

Last updated on 2023-09-28 05:56:57 CEST.

Flavor Version Tinstall Tcheck Ttotal Status Flags
r-devel-linux-x86_64-debian-clang 0.3.1.1 34.61 201.90 236.51 OK
r-devel-linux-x86_64-debian-gcc 0.3.1.1 24.41 146.88 171.29 OK
r-devel-linux-x86_64-fedora-clang 0.3.1.1 291.75 OK
r-devel-linux-x86_64-fedora-gcc 0.3.1.1 295.64 OK
r-devel-windows-x86_64 0.3.1.1 28.00 172.00 200.00 OK
r-patched-linux-x86_64 0.3.1.1 24.00 192.99 216.99 OK
r-release-linux-x86_64 0.3.1.1 23.21 192.51 215.72 OK
r-release-macos-arm64 0.3.1.1 93.00 OK
r-release-macos-x86_64 0.3.1.1 152.00 NOTE
r-release-windows-x86_64 0.3.1.1 38.00 212.00 250.00 OK
r-oldrel-macos-arm64 0.3.1.1 88.00 OK
r-oldrel-macos-x86_64 0.3.1.1 110.00 OK
r-oldrel-windows-x86_64 0.3.1.1 37.00 210.00 247.00 OK

Check Details

Version: 0.3.1.1
Check: package dependencies
Result: NOTE
    Package suggested but not available for checking: ‘quanteda.textmodels’
Flavor: r-release-macos-x86_64