CRAN Package Check Results for Package rainette

Last updated on 2021-05-14 11:50:56 CEST.

Flavor Version Tinstall Tcheck Ttotal Status Flags
r-devel-linux-x86_64-debian-gcc 0.1.3 20.78 127.31 148.09 OK
r-devel-linux-x86_64-fedora-clang 0.1.3 255.42 OK
r-devel-linux-x86_64-fedora-gcc 0.1.3 245.59 OK
r-devel-windows-ix86+x86_64 0.1.3 53.00 276.00 329.00 OK
r-devel-windows-x86_64-gcc10-UCRT 0.1.3 OK
r-patched-linux-x86_64 0.1.3 23.96 167.25 191.21 OK
r-patched-solaris-x86 0.1.3 328.90 OK
r-release-linux-x86_64 0.1.3 22.53 161.35 183.88 OK
r-release-macos-x86_64 0.1.3 OK
r-oldrel-macos-x86_64 0.1.3 ERROR
r-oldrel-windows-ix86+x86_64 0.1.3 43.00 164.00 207.00 ERROR

Check Details

Version: 0.1.3
Check: tests
Result: ERROR
     Running ‘testthat.R’ [7s/7s]
    Running the tests in ‘tests/testthat.R’ failed.
    Last 13 lines of output:
     3. └─quanteda:::matrix2dfm(x)
     4. └─quanteda:::build_dfm(...)
     5. └─methods::new(...)
     6. ├─methods::initialize(value, ...)
     7. └─Matrix:::initialize(value, ...)
     8. ├─methods::callNextMethod()
     9. └─methods:::.nextMethod(.Object = .Object, ... = ...)
     10. └─methods::validObject(.Object)
    
     [ FAIL 6 | WARN 0 | SKIP 1 | PASS 54 ]
     Error: Test failures
     In addition: Warning message:
     In (function(x, i, exact) if (is.matrix(i)) as.matrix(x)[[i]] else .subset2(x, :
     closing unused connection 4 (doesnt/exist.txtt)
     Execution halted
Flavor: r-oldrel-macos-x86_64

Version: 0.1.3
Check: re-building of vignette outputs
Result: WARN
    Error(s) in re-building vignettes:
    --- re-building ‘algorithmes.Rmd’ using rmarkdown
    Warning in engine$weave(file, quiet = quiet, encoding = enc) :
     Pandoc (>= 1.12.3) not available. Falling back to R Markdown v1.
    Warning in chisq.test(tmp) : Chi-squared approximation may be incorrect
    --- finished re-building ‘algorithmes.Rmd’
    
    --- re-building ‘introduction_en.Rmd’ using rmarkdown
    Warning in engine$weave(file, quiet = quiet, encoding = enc) :
     Pandoc (>= 1.12.3) not available. Falling back to R Markdown v1.
    Package version: 3.0.0
    Unicode version: 13.0
    ICU version: 69.1
    Parallel computing: 8 of 8 threads used.
    See https://quanteda.io for tutorials and examples.
    
    Attaching package: 'rainette'
    
    The following object is masked from 'package:stats':
    
     cutree
    
     Splitting...
     Done.
    Quitting from lines 152-153 (introduction_en.Rmd)
    Error: processing vignette 'introduction_en.Rmd' failed with diagnostics:
    invalid class "dfm" object: superclass "Mnumeric" not defined in the environment of the object's class
    --- failed re-building ‘introduction_en.Rmd’
    
    --- re-building ‘introduction_usage.Rmd’ using rmarkdown
    Warning in engine$weave(file, quiet = quiet, encoding = enc) :
     Pandoc (>= 1.12.3) not available. Falling back to R Markdown v1.
    
    Attaching package: 'rainette'
    
    The following object is masked from 'package:stats':
    
     cutree
    
    Package version: 3.0.0
    Unicode version: 13.0
    ICU version: 69.1
    Parallel computing: 8 of 8 threads used.
    See https://quanteda.io for tutorials and examples.
     Splitting...
     Done.
    Quitting from lines 88-89 (introduction_usage.Rmd)
    Error: processing vignette 'introduction_usage.Rmd' failed with diagnostics:
    invalid class "dfm" object: superclass "Mnumeric" not defined in the environment of the object's class
    --- failed re-building ‘introduction_usage.Rmd’
    
    SUMMARY: processing the following files failed:
     ‘introduction_en.Rmd’ ‘introduction_usage.Rmd’
    
    Error: Vignette re-building failed.
    Execution halted
Flavor: r-oldrel-macos-x86_64

Version: 0.1.3
Check: running tests for arch ‘i386’
Result: ERROR
     Running 'testthat.R' [8s]
    Running the tests in 'tests/testthat.R' failed.
    Complete output:
     > library(testthat)
     > library(rainette)
    
     Attaching package: 'rainette'
    
     The following object is masked from 'package:stats':
    
     cutree
    
     >
     > test_check("rainette")
     == Skipped tests ===============================================================
     * Skipping plots (1)
    
     == Failed tests ================================================================
     -- Error (test_cutree.R:6:1): (code run outside of `test_that()`) --------------
     Error: invalid class "dfm" object: superclass "Mnumeric" not defined in the environment of the object's class
     Backtrace:
     x
     1. +-quanteda::dfm(tokens(mini_corpus, remove_punct = TRUE), tolower = TRUE) test_cutree.R:6:0
     2. \-quanteda:::dfm.tokens(...)
     3. +-quanteda:::dfm.dfm(...)
     4. | \-quanteda::as.dfm(x)
     5. \-quanteda:::build_dfm(...)
     6. \-methods::new(...)
     7. +-methods::initialize(value, ...)
     8. \-Matrix:::initialize(value, ...)
     9. +-methods::callNextMethod()
     10. \-methods:::.nextMethod(.Object = .Object, ... = ...)
     11. \-methods::validObject(.Object)
     -- Error (test_keyness.R:7:1): (code run outside of `test_that()`) -------------
     Error: invalid class "dfm" object: superclass "Mnumeric" not defined in the environment of the object's class
     Backtrace:
     x
     1. +-quanteda::dfm(tokens(mini_corpus, remove_punct = TRUE), tolower = TRUE) test_keyness.R:7:0
     2. \-quanteda:::dfm.tokens(...)
     3. +-quanteda:::dfm.dfm(...)
     4. | \-quanteda::as.dfm(x)
     5. \-quanteda:::build_dfm(...)
     6. \-methods::new(...)
     7. +-methods::initialize(value, ...)
     8. \-Matrix:::initialize(value, ...)
     9. +-methods::callNextMethod()
     10. \-methods:::.nextMethod(.Object = .Object, ... = ...)
     11. \-methods::validObject(.Object)
     -- Error (test_rainette1.R:16:1): (code run outside of `test_that()`) ----------
     Error: invalid class "dfm" object: superclass "Mnumeric" not defined in the environment of the object's class
     Backtrace:
     x
     1. +-quanteda::as.dfm(m) test_rainette1.R:16:0
     2. \-quanteda:::as.dfm.matrix(m)
     3. \-quanteda:::matrix2dfm(x)
     4. \-quanteda:::build_dfm(...)
     5. \-methods::new(...)
     6. +-methods::initialize(value, ...)
     7. \-Matrix:::initialize(value, ...)
     8. +-methods::callNextMethod()
     9. \-methods:::.nextMethod(.Object = .Object, ... = ...)
     10. \-methods::validObject(.Object)
     -- Error (test_rainette2.R:6:1): (code run outside of `test_that()`) -----------
     Error: invalid class "dfm" object: superclass "Mnumeric" not defined in the environment of the object's class
     Backtrace:
     x
     1. +-quanteda::dfm(tokens(mini_corpus, remove_punct = TRUE), tolower = TRUE) test_rainette2.R:6:0
     2. \-quanteda:::dfm.tokens(...)
     3. +-quanteda:::dfm.dfm(...)
     4. | \-quanteda::as.dfm(x)
     5. \-quanteda:::build_dfm(...)
     6. \-methods::new(...)
     7. +-methods::initialize(value, ...)
     8. \-Matrix:::initialize(value, ...)
     9. +-methods::callNextMethod()
     10. \-methods:::.nextMethod(.Object = .Object, ... = ...)
     11. \-methods::validObject(.Object)
     -- Error (test_rcpp.R:16:1): (code run outside of `test_that()`) ---------------
     Error: invalid class "dfm" object: superclass "Mnumeric" not defined in the environment of the object's class
     Backtrace:
     x
     1. +-quanteda::as.dfm(m) test_rcpp.R:16:0
     2. \-quanteda:::as.dfm.matrix(m)
     3. \-quanteda:::matrix2dfm(x)
     4. \-quanteda:::build_dfm(...)
     5. \-methods::new(...)
     6. +-methods::initialize(value, ...)
     7. \-Matrix:::initialize(value, ...)
     8. +-methods::callNextMethod()
     9. \-methods:::.nextMethod(.Object = .Object, ... = ...)
     10. \-methods::validObject(.Object)
     -- Error (test_utils.R:16:1): (code run outside of `test_that()`) --------------
     Error: invalid class "dfm" object: superclass "Mnumeric" not defined in the environment of the object's class
     Backtrace:
     x
     1. +-quanteda::as.dfm(m) test_utils.R:16:0
     2. \-quanteda:::as.dfm.matrix(m)
     3. \-quanteda:::matrix2dfm(x)
     4. \-quanteda:::build_dfm(...)
     5. \-methods::new(...)
     6. +-methods::initialize(value, ...)
     7. \-Matrix:::initialize(value, ...)
     8. +-methods::callNextMethod()
     9. \-methods:::.nextMethod(.Object = .Object, ... = ...)
     10. \-methods::validObject(.Object)
    
     [ FAIL 6 | WARN 0 | SKIP 1 | PASS 54 ]
     Error: Test failures
     In addition: Warning message:
     In for (pkg in package) { : closing unused connection 4 (doesnt/exist.txtt)
     Execution halted
Flavor: r-oldrel-windows-ix86+x86_64

Version: 0.1.3
Check: running tests for arch ‘x64’
Result: ERROR
     Running 'testthat.R' [8s]
    Running the tests in 'tests/testthat.R' failed.
    Complete output:
     > library(testthat)
     > library(rainette)
    
     Attaching package: 'rainette'
    
     The following object is masked from 'package:stats':
    
     cutree
    
     >
     > test_check("rainette")
     == Skipped tests ===============================================================
     * Skipping plots (1)
    
     == Failed tests ================================================================
     -- Error (test_cutree.R:6:1): (code run outside of `test_that()`) --------------
     Error: invalid class "dfm" object: superclass "Mnumeric" not defined in the environment of the object's class
     Backtrace:
     x
     1. +-quanteda::dfm(tokens(mini_corpus, remove_punct = TRUE), tolower = TRUE) test_cutree.R:6:0
     2. \-quanteda:::dfm.tokens(...)
     3. +-quanteda:::dfm.dfm(...)
     4. | \-quanteda::as.dfm(x)
     5. \-quanteda:::build_dfm(...)
     6. \-methods::new(...)
     7. +-methods::initialize(value, ...)
     8. \-Matrix:::initialize(value, ...)
     9. +-methods::callNextMethod()
     10. \-methods:::.nextMethod(.Object = .Object, ... = ...)
     11. \-methods::validObject(.Object)
     -- Error (test_keyness.R:7:1): (code run outside of `test_that()`) -------------
     Error: invalid class "dfm" object: superclass "Mnumeric" not defined in the environment of the object's class
     Backtrace:
     x
     1. +-quanteda::dfm(tokens(mini_corpus, remove_punct = TRUE), tolower = TRUE) test_keyness.R:7:0
     2. \-quanteda:::dfm.tokens(...)
     3. +-quanteda:::dfm.dfm(...)
     4. | \-quanteda::as.dfm(x)
     5. \-quanteda:::build_dfm(...)
     6. \-methods::new(...)
     7. +-methods::initialize(value, ...)
     8. \-Matrix:::initialize(value, ...)
     9. +-methods::callNextMethod()
     10. \-methods:::.nextMethod(.Object = .Object, ... = ...)
     11. \-methods::validObject(.Object)
     -- Error (test_rainette1.R:16:1): (code run outside of `test_that()`) ----------
     Error: invalid class "dfm" object: superclass "Mnumeric" not defined in the environment of the object's class
     Backtrace:
     x
     1. +-quanteda::as.dfm(m) test_rainette1.R:16:0
     2. \-quanteda:::as.dfm.matrix(m)
     3. \-quanteda:::matrix2dfm(x)
     4. \-quanteda:::build_dfm(...)
     5. \-methods::new(...)
     6. +-methods::initialize(value, ...)
     7. \-Matrix:::initialize(value, ...)
     8. +-methods::callNextMethod()
     9. \-methods:::.nextMethod(.Object = .Object, ... = ...)
     10. \-methods::validObject(.Object)
     -- Error (test_rainette2.R:6:1): (code run outside of `test_that()`) -----------
     Error: invalid class "dfm" object: superclass "Mnumeric" not defined in the environment of the object's class
     Backtrace:
     x
     1. +-quanteda::dfm(tokens(mini_corpus, remove_punct = TRUE), tolower = TRUE) test_rainette2.R:6:0
     2. \-quanteda:::dfm.tokens(...)
     3. +-quanteda:::dfm.dfm(...)
     4. | \-quanteda::as.dfm(x)
     5. \-quanteda:::build_dfm(...)
     6. \-methods::new(...)
     7. +-methods::initialize(value, ...)
     8. \-Matrix:::initialize(value, ...)
     9. +-methods::callNextMethod()
     10. \-methods:::.nextMethod(.Object = .Object, ... = ...)
     11. \-methods::validObject(.Object)
     -- Error (test_rcpp.R:16:1): (code run outside of `test_that()`) ---------------
     Error: invalid class "dfm" object: superclass "Mnumeric" not defined in the environment of the object's class
     Backtrace:
     x
     1. +-quanteda::as.dfm(m) test_rcpp.R:16:0
     2. \-quanteda:::as.dfm.matrix(m)
     3. \-quanteda:::matrix2dfm(x)
     4. \-quanteda:::build_dfm(...)
     5. \-methods::new(...)
     6. +-methods::initialize(value, ...)
     7. \-Matrix:::initialize(value, ...)
     8. +-methods::callNextMethod()
     9. \-methods:::.nextMethod(.Object = .Object, ... = ...)
     10. \-methods::validObject(.Object)
     -- Error (test_utils.R:16:1): (code run outside of `test_that()`) --------------
     Error: invalid class "dfm" object: superclass "Mnumeric" not defined in the environment of the object's class
     Backtrace:
     x
     1. +-quanteda::as.dfm(m) test_utils.R:16:0
     2. \-quanteda:::as.dfm.matrix(m)
     3. \-quanteda:::matrix2dfm(x)
     4. \-quanteda:::build_dfm(...)
     5. \-methods::new(...)
     6. +-methods::initialize(value, ...)
     7. \-Matrix:::initialize(value, ...)
     8. +-methods::callNextMethod()
     9. \-methods:::.nextMethod(.Object = .Object, ... = ...)
     10. \-methods::validObject(.Object)
    
     [ FAIL 6 | WARN 0 | SKIP 1 | PASS 54 ]
     Error: Test failures
     In addition: Warning message:
     In for (i in 1L:d2) { : closing unused connection 4 (doesnt/exist.txtt)
     Execution halted
Flavor: r-oldrel-windows-ix86+x86_64

Version: 0.1.3
Check: re-building of vignette outputs
Result: WARN
    Error(s) in re-building vignettes:
    --- re-building 'algorithmes.Rmd' using rmarkdown
    Warning in chisq.test(tmp) : Chi-squared approximation may be incorrect
    --- finished re-building 'algorithmes.Rmd'
    
    --- re-building 'introduction_en.Rmd' using rmarkdown
    Package version: 3.0.0
    Unicode version: 13.0
    ICU version: 69.1
    Parallel computing: 32 of 32 threads used.
    See https://quanteda.io for tutorials and examples.
    
    Attaching package: 'rainette'
    
    The following object is masked from 'package:stats':
    
     cutree
    
     Splitting...
     Done.
    Quitting from lines 152-153 (introduction_en.Rmd)
    Error: processing vignette 'introduction_en.Rmd' failed with diagnostics:
    invalid class "dfm" object: superclass "Mnumeric" not defined in the environment of the object's class
    --- failed re-building 'introduction_en.Rmd'
    
    --- re-building 'introduction_usage.Rmd' using rmarkdown
    
    Attaching package: 'rainette'
    
    The following object is masked from 'package:stats':
    
     cutree
    
    Package version: 3.0.0
    Unicode version: 13.0
    ICU version: 69.1
    Parallel computing: 32 of 32 threads used.
    See https://quanteda.io for tutorials and examples.
     Splitting...
     Done.
    Quitting from lines 88-89 (introduction_usage.Rmd)
    Error: processing vignette 'introduction_usage.Rmd' failed with diagnostics:
    invalid class "dfm" object: superclass "Mnumeric" not defined in the environment of the object's class
    --- failed re-building 'introduction_usage.Rmd'
    
    SUMMARY: processing the following files failed:
     'introduction_en.Rmd' 'introduction_usage.Rmd'
    
    Error: Vignette re-building failed.
    Execution halted
Flavor: r-oldrel-windows-ix86+x86_64