CRAN Package Check Results for Package randomForestExplainer

Last updated on 2021-05-11 23:50:53 CEST.

Flavor Version Tinstall Tcheck Ttotal Status Flags
r-devel-linux-x86_64-debian-clang 0.10.1 6.94 237.02 243.96 NOTE
r-devel-linux-x86_64-debian-gcc 0.10.1 5.72 167.56 173.28 NOTE
r-devel-linux-x86_64-fedora-clang 0.10.1 278.88 NOTE
r-devel-linux-x86_64-fedora-gcc 0.10.1 276.49 NOTE
r-devel-windows-ix86+x86_64 0.10.1 17.00 269.00 286.00 NOTE
r-devel-windows-x86_64-gcc10-UCRT 0.10.1 NOTE
r-patched-linux-x86_64 0.10.1 7.29 220.52 227.81 NOTE
r-patched-solaris-x86 0.10.1 341.10 NOTE
r-release-linux-x86_64 0.10.1 6.53 221.79 228.32 OK
r-release-macos-x86_64 0.10.1 OK
r-release-windows-ix86+x86_64 0.10.1 16.00 219.00 235.00 OK
r-oldrel-macos-x86_64 0.10.1 OK
r-oldrel-windows-ix86+x86_64 0.10.1 15.00 288.00 303.00 OK

Check Details

Version: 0.10.1
Check: LazyData
Result: NOTE
     'LazyData' is specified without a 'data' directory
Flavors: r-devel-linux-x86_64-debian-clang, r-devel-linux-x86_64-debian-gcc, r-devel-linux-x86_64-fedora-clang, r-devel-linux-x86_64-fedora-gcc, r-devel-windows-ix86+x86_64, r-devel-windows-x86_64-gcc10-UCRT, r-patched-linux-x86_64, r-patched-solaris-x86