CRAN Package Check Results for Package randomForestExplainer

Last updated on 2022-10-07 17:52:11 CEST.

Flavor Version Tinstall Tcheck Ttotal Status Flags
r-devel-linux-x86_64-debian-clang 0.10.1 8.63 272.72 281.35 NOTE
r-devel-linux-x86_64-debian-gcc 0.10.1 7.06 195.17 202.23 NOTE
r-devel-linux-x86_64-fedora-clang 0.10.1 335.84 NOTE
r-devel-linux-x86_64-fedora-gcc 0.10.1 324.43 NOTE
r-devel-windows-x86_64 0.10.1 254.00 302.00 556.00 NOTE
r-patched-linux-x86_64 0.10.1 7.72 250.79 258.51 NOTE
r-release-linux-x86_64 0.10.1 7.41 249.43 256.84 NOTE
r-release-macos-arm64 0.10.1 83.00 NOTE
r-release-macos-x86_64 0.10.1 180.00 NOTE
r-release-windows-x86_64 0.10.1 98.00 285.00 383.00 NOTE
r-oldrel-macos-arm64 0.10.1 127.00 NOTE
r-oldrel-macos-x86_64 0.10.1 108.00 NOTE
r-oldrel-windows-ix86+x86_64 0.10.1 23.00 294.00 317.00 NOTE

Check Details

Version: 0.10.1
Check: LazyData
Result: NOTE
     'LazyData' is specified without a 'data' directory
Flavors: r-devel-linux-x86_64-debian-clang, r-devel-linux-x86_64-debian-gcc, r-devel-linux-x86_64-fedora-clang, r-devel-linux-x86_64-fedora-gcc, r-devel-windows-x86_64, r-patched-linux-x86_64, r-release-linux-x86_64, r-release-macos-arm64, r-release-macos-x86_64, r-release-windows-x86_64, r-oldrel-macos-arm64, r-oldrel-macos-x86_64, r-oldrel-windows-ix86+x86_64