CRAN Package Check Results for Package randomcoloR

Last updated on 2019-11-20 11:50:12 CET.

Flavor Version Tinstall Tcheck Ttotal Status Flags
r-devel-linux-x86_64-debian-clang 1.1.0 3.99 2.15 6.14 ERROR
r-devel-linux-x86_64-debian-gcc 1.1.0 3.18 1.73 4.91 ERROR
r-devel-linux-x86_64-fedora-clang 1.1.0 4.99 ERROR
r-devel-linux-x86_64-fedora-gcc 1.1.0 5.08 ERROR
r-devel-windows-ix86+x86_64 1.1.0 17.00 73.00 90.00 OK
r-devel-windows-ix86+x86_64-gcc8 1.1.0 13.00 54.00 67.00 OK
r-patched-linux-x86_64 1.1.0 4.52 42.98 47.50 OK
r-patched-solaris-x86 1.1.0 7.70 ERROR
r-release-linux-x86_64 1.1.0 3.21 2.02 5.23 ERROR
r-release-windows-ix86+x86_64 1.1.0 13.00 73.00 86.00 OK
r-release-osx-x86_64 1.1.0 OK
r-oldrel-windows-ix86+x86_64 1.1.0 7.00 47.00 54.00 OK
r-oldrel-osx-x86_64 1.1.0 OK

Check Details

Version: 1.1.0
Check: whether package can be installed
Result: ERROR
    Installation failed.
Flavors: r-devel-linux-x86_64-debian-clang, r-devel-linux-x86_64-debian-gcc, r-devel-linux-x86_64-fedora-clang, r-devel-linux-x86_64-fedora-gcc, r-patched-solaris-x86, r-release-linux-x86_64