CRAN Package Check Results for Package randquotes

Last updated on 2020-12-02 05:48:14 CET.

Flavor Version Tinstall Tcheck Ttotal Status Flags
r-devel-linux-x86_64-debian-clang 0.1.1 2.85 23.91 26.76 OK
r-devel-linux-x86_64-debian-gcc 0.1.1 2.25 21.41 23.66 OK
r-devel-linux-x86_64-fedora-clang 0.1.1 38.69 NOTE
r-devel-linux-x86_64-fedora-gcc 0.1.1 29.06 NOTE
r-devel-windows-ix86+x86_64 0.1.1 5.00 30.00 35.00 OK
r-patched-linux-x86_64 0.1.1 2.45 24.70 27.15 OK
r-patched-solaris-x86 0.1.1 47.70 NOTE
r-release-linux-x86_64 0.1.1 2.34 25.06 27.40 OK
r-release-macos-x86_64 0.1.1 NOTE
r-release-windows-ix86+x86_64 0.1.1 4.00 31.00 35.00 OK
r-oldrel-macos-x86_64 0.1.1 NOTE
r-oldrel-windows-ix86+x86_64 0.1.1 3.00 38.00 41.00 OK

Check Details

Version: 0.1.1
Check: dependencies in R code
Result: NOTE
    Namespaces in Imports field not imported from:
     ‘curl’ ‘jsonlite’
     All declared Imports should be used.
Flavors: r-devel-linux-x86_64-fedora-clang, r-devel-linux-x86_64-fedora-gcc, r-patched-solaris-x86, r-release-macos-x86_64, r-oldrel-macos-x86_64