CRAN Package Check Results for Package rang

Last updated on 2024-02-29 18:20:31 CET.

Flavor Version Tinstall Tcheck Ttotal Status Flags
r-devel-linux-x86_64-debian-clang 0.3.0 4.72 68.15 72.87 OK
r-devel-linux-x86_64-debian-gcc 0.3.0 4.71 51.47 56.18 OK
r-devel-linux-x86_64-fedora-clang 0.3.0 90.06 NOTE
r-devel-linux-x86_64-fedora-gcc 0.3.0 98.25 OK
r-devel-windows-x86_64 0.3.0 7.00 81.00 88.00 OK
r-patched-linux-x86_64 0.3.0 6.08 66.35 72.43 OK
r-release-linux-x86_64 0.3.0 5.46 65.85 71.31 OK
r-release-macos-arm64 0.3.0 143.00 OK
r-release-macos-x86_64 0.3.0 101.00 OK
r-release-windows-x86_64 0.3.0 8.00 91.00 99.00 OK
r-oldrel-macos-arm64 0.3.0 76.00 OK
r-oldrel-windows-x86_64 0.3.0 10.00 91.00 101.00 OK

Check Details

Version: 0.3.0
Check: Rd cross-references
Result: NOTE Undeclared package ‘igraph’ in Rd xrefs Flavor: r-devel-linux-x86_64-fedora-clang