CRAN Package Check Results for Package rangeMapper

Last updated on 2019-10-16 17:48:56 CEST.

Flavor Version Tinstall Tcheck Ttotal Status Flags
r-devel-linux-x86_64-debian-clang 0.3-5 14.71 273.69 288.40 ERROR
r-devel-linux-x86_64-debian-gcc 0.3-5 13.68 212.12 225.80 ERROR
r-devel-linux-x86_64-fedora-clang 0.3-5 343.32 OK
r-devel-linux-x86_64-fedora-gcc 0.3-5 344.05 OK
r-devel-windows-ix86+x86_64 0.3-5 58.00 280.00 338.00 OK
r-patched-linux-x86_64 0.3-5 14.50 257.93 272.43 ERROR
r-patched-solaris-x86 0.3-5 448.60 OK
r-release-linux-x86_64 0.3-5 14.20 259.31 273.51 ERROR
r-release-windows-ix86+x86_64 0.3-5 34.00 299.00 333.00 OK
r-release-osx-x86_64 0.3-5 OK
r-oldrel-windows-ix86+x86_64 0.3-5 28.00 284.00 312.00 OK
r-oldrel-osx-x86_64 0.3-5 OK

Check Details

Version: 0.3-5
Check: tests
Result: ERROR
     Running 'testthat.R' [26s/24s]
    Running the tests in 'tests/testthat.R' failed.
    Complete output:
     > library(testthat)
     > library(rangeMapper)
     Loading required package: RSQLite
     This is rangeMapper 0.3-5
     >
     > test_check("rangeMapper")
     -- 1. Error: Bounding box methods work (@test-1_projectINI.R#40) --------------
     conic lat_1 = -lat_2
     1: expect_true(global.bbox.save(con = con, bbox = system.file(package = "rangeMapper",
     "extdata", "wrens", "vector"), p4s = CRS("+proj=aea"))) at testthat/test-1_projectINI.R:40
     2: quasi_label(enquo(object), label, arg = "object")
     3: eval_bare(get_expr(quo), get_env(quo))
     4: global.bbox.save(con = con, bbox = system.file(package = "rangeMapper", "extdata",
     "wrens", "vector"), p4s = CRS("+proj=aea"))
     5: rangeMapBboxSave(x, ...)
     6: CRS("+proj=aea")
     7: stop(res[[2]])
    
     == testthat results ===========================================================
     [ OK: 35 | SKIPPED: 0 | WARNINGS: 0 | FAILED: 1 ]
     1. Error: Bounding box methods work (@test-1_projectINI.R#40)
    
     Error: testthat unit tests failed
     In addition: Warning message:
     call dbDisconnect() when finished working with a connection
     Execution halted
Flavor: r-devel-linux-x86_64-debian-clang

Version: 0.3-5
Check: tests
Result: ERROR
     Running ‘testthat.R’ [20s/27s]
    Running the tests in ‘tests/testthat.R’ failed.
    Complete output:
     > library(testthat)
     > library(rangeMapper)
     Loading required package: RSQLite
     This is rangeMapper 0.3-5
     >
     > test_check("rangeMapper")
     ── 1. Error: Bounding box methods work (@test-1_projectINI.R#40) ──────────────
     conic lat_1 = -lat_2
     1: expect_true(global.bbox.save(con = con, bbox = system.file(package = "rangeMapper",
     "extdata", "wrens", "vector"), p4s = CRS("+proj=aea"))) at testthat/test-1_projectINI.R:40
     2: quasi_label(enquo(object), label, arg = "object")
     3: eval_bare(get_expr(quo), get_env(quo))
     4: global.bbox.save(con = con, bbox = system.file(package = "rangeMapper", "extdata",
     "wrens", "vector"), p4s = CRS("+proj=aea"))
     5: rangeMapBboxSave(x, ...)
     6: CRS("+proj=aea")
     7: stop(res[[2]])
    
     ══ testthat results ═══════════════════════════════════════════════════════════
     [ OK: 35 | SKIPPED: 0 | WARNINGS: 0 | FAILED: 1 ]
     1. Error: Bounding box methods work (@test-1_projectINI.R#40)
    
     Error: testthat unit tests failed
     In addition: Warning message:
     call dbDisconnect() when finished working with a connection
     Execution halted
Flavor: r-devel-linux-x86_64-debian-gcc

Version: 0.3-5
Check: tests
Result: ERROR
     Running ‘testthat.R’ [24s/24s]
    Running the tests in ‘tests/testthat.R’ failed.
    Complete output:
     > library(testthat)
     > library(rangeMapper)
     Loading required package: RSQLite
     This is rangeMapper 0.3-5
     >
     > test_check("rangeMapper")
     ── 1. Error: Bounding box methods work (@test-1_projectINI.R#40) ──────────────
     conic lat_1 = -lat_2
     1: expect_true(global.bbox.save(con = con, bbox = system.file(package = "rangeMapper",
     "extdata", "wrens", "vector"), p4s = CRS("+proj=aea"))) at testthat/test-1_projectINI.R:40
     2: quasi_label(enquo(object), label, arg = "object")
     3: eval_bare(get_expr(quo), get_env(quo))
     4: global.bbox.save(con = con, bbox = system.file(package = "rangeMapper", "extdata",
     "wrens", "vector"), p4s = CRS("+proj=aea"))
     5: rangeMapBboxSave(x, ...)
     6: CRS("+proj=aea")
     7: stop(res[[2]])
    
     ══ testthat results ═══════════════════════════════════════════════════════════
     [ OK: 35 | SKIPPED: 0 | WARNINGS: 0 | FAILED: 1 ]
     1. Error: Bounding box methods work (@test-1_projectINI.R#40)
    
     Error: testthat unit tests failed
     In addition: Warning message:
     call dbDisconnect() when finished working with a connection
     Execution halted
Flavor: r-patched-linux-x86_64

Version: 0.3-5
Check: tests
Result: ERROR
     Running ‘testthat.R’ [24s/25s]
    Running the tests in ‘tests/testthat.R’ failed.
    Complete output:
     > library(testthat)
     > library(rangeMapper)
     Loading required package: RSQLite
     This is rangeMapper 0.3-5
     >
     > test_check("rangeMapper")
     ── 1. Error: Bounding box methods work (@test-1_projectINI.R#40) ──────────────
     conic lat_1 = -lat_2
     1: expect_true(global.bbox.save(con = con, bbox = system.file(package = "rangeMapper",
     "extdata", "wrens", "vector"), p4s = CRS("+proj=aea"))) at testthat/test-1_projectINI.R:40
     2: quasi_label(enquo(object), label, arg = "object")
     3: eval_bare(get_expr(quo), get_env(quo))
     4: global.bbox.save(con = con, bbox = system.file(package = "rangeMapper", "extdata",
     "wrens", "vector"), p4s = CRS("+proj=aea"))
     5: rangeMapBboxSave(x, ...)
     6: CRS("+proj=aea")
     7: stop(res[[2]])
    
     ══ testthat results ═══════════════════════════════════════════════════════════
     [ OK: 35 | SKIPPED: 0 | WARNINGS: 0 | FAILED: 1 ]
     1. Error: Bounding box methods work (@test-1_projectINI.R#40)
    
     Error: testthat unit tests failed
     In addition: Warning message:
     call dbDisconnect() when finished working with a connection
     Execution halted
Flavor: r-release-linux-x86_64