CRAN Package Check Results for Package rappdirs

Last updated on 2022-01-24 11:53:09 CET.

Flavor Version Tinstall Tcheck Ttotal Status Flags
r-devel-linux-x86_64-debian-clang 0.3.3 1.78 32.21 33.99 OK
r-devel-linux-x86_64-debian-gcc 0.3.3 1.30 25.45 26.75 OK
r-devel-linux-x86_64-fedora-clang 0.3.3 44.20 OK
r-devel-linux-x86_64-fedora-gcc 0.3.3 32.66 OK
r-devel-windows-x86_64-new-UL 0.3.3 287.00 57.00 344.00 OK
r-devel-windows-x86_64-new-TK 0.3.3 OK
r-patched-linux-x86_64 0.3.3 1.92 31.23 33.15 OK
r-release-linux-x86_64 0.3.3 1.64 31.42 33.06 OK
r-release-macos-arm64 0.3.3 OK
r-release-macos-x86_64 0.3.3 ERROR
r-release-windows-ix86+x86_64 0.3.3 13.00 50.00 63.00 OK
r-oldrel-macos-x86_64 0.3.3 OK
r-oldrel-windows-ix86+x86_64 0.3.3 13.00 58.00 71.00 OK

Check Details

Version: 0.3.3
Check: tests
Result: ERROR
     Running ‘testthat.R’ [1s/1s]
    Running the tests in ‘tests/testthat.R’ failed.
    Complete output:
     > library(testthat)
     > library(rappdirs)
     >
     > # ensure CRAN settings don't affect tests
     > Sys.unsetenv("R_USER_DATA_DIR")
     > Sys.unsetenv("R_USER_CONFIG_DIR")
     > Sys.unsetenv("R_USER_CACHE_DIR")
     >
     > test_check("rappdirs")
     Error in loadNamespace(x) : there is no package called 'withr'
     Calls: test_check ... loadNamespace -> withRestarts -> withOneRestart -> doWithOneRestart
     Execution halted
Flavor: r-release-macos-x86_64