CRAN Package Check Results for Package rappdirs

Last updated on 2021-01-25 17:55:02 CET.

Flavor Version Tinstall Tcheck Ttotal Status Flags
r-devel-linux-x86_64-debian-clang 0.3.1 3.06 26.79 29.85 OK
r-devel-linux-x86_64-debian-gcc 0.3.1 2.54 21.33 23.87 OK
r-devel-linux-x86_64-fedora-clang 0.3.1 46.50 NOTE
r-devel-linux-x86_64-fedora-gcc 0.3.1 36.02 NOTE
r-devel-windows-ix86+x86_64 0.3.1 16.00 46.00 62.00 OK
r-patched-linux-x86_64 0.3.1 2.86 25.77 28.63 OK
r-patched-solaris-x86 0.3.1 55.00 OK
r-release-linux-x86_64 0.3.1 3.06 25.63 28.69 OK
r-release-macos-x86_64 0.3.1 OK
r-release-windows-ix86+x86_64 0.3.1 16.00 40.00 56.00 OK
r-oldrel-macos-x86_64 0.3.1 OK
r-oldrel-windows-ix86+x86_64 0.3.1 8.00 54.00 62.00 OK

Check Details

Version: 0.3.1
Check: compiled code
Result: NOTE
    File ‘rappdirs/libs/rappdirs.so’:
     Found no calls to: ‘R_registerRoutines’, ‘R_useDynamicSymbols’
    
    It is good practice to register native routines and to disable symbol
    search.
    
    See ‘Writing portable packages’ in the ‘Writing R Extensions’ manual.
Flavors: r-devel-linux-x86_64-fedora-clang, r-devel-linux-x86_64-fedora-gcc