CRAN Package Check Results for Package rasterDT

Last updated on 2022-11-27 11:55:57 CET.

Flavor Version Tinstall Tcheck Ttotal Status Flags
r-devel-linux-x86_64-debian-clang 0.3.1 33.12 304.90 338.02 NOTE
r-devel-linux-x86_64-debian-gcc 0.3.1 27.28 223.32 250.60 NOTE
r-devel-linux-x86_64-fedora-clang 0.3.1 418.93 NOTE
r-devel-linux-x86_64-fedora-gcc 0.3.1 404.76 NOTE
r-devel-windows-x86_64 0.3.1 32.00 292.00 324.00 NOTE
r-patched-linux-x86_64 0.3.1 29.57 289.97 319.54 NOTE
r-release-linux-x86_64 0.3.1 30.30 297.56 327.86 NOTE
r-release-macos-arm64 0.3.1 67.00 NOTE
r-release-macos-x86_64 0.3.1 113.00 NOTE
r-release-windows-x86_64 0.3.1 32.00 282.00 314.00 NOTE
r-oldrel-macos-arm64 0.3.1 52.00 NOTE
r-oldrel-macos-x86_64 0.3.1 77.00 NOTE
r-oldrel-windows-ix86+x86_64 0.3.1 71.00 293.00 364.00 NOTE

Check Details

Version: 0.3.1
Check: LazyData
Result: NOTE
     'LazyData' is specified without a 'data' directory
Flavors: r-devel-linux-x86_64-debian-clang, r-devel-linux-x86_64-debian-gcc, r-devel-linux-x86_64-fedora-clang, r-devel-linux-x86_64-fedora-gcc, r-devel-windows-x86_64, r-patched-linux-x86_64, r-release-linux-x86_64, r-release-macos-arm64, r-release-macos-x86_64, r-release-windows-x86_64, r-oldrel-macos-arm64, r-oldrel-macos-x86_64, r-oldrel-windows-ix86+x86_64