Last updated on 2024-04-23 17:49:43 CEST.
Flavor | Version | Tinstall | Tcheck | Ttotal | Status | Flags |
---|---|---|---|---|---|---|
r-devel-linux-x86_64-debian-clang | 1.2.4 | 83.79 | 204.03 | 287.82 | NOTE | |
r-devel-linux-x86_64-debian-gcc | 1.2.4 | 58.30 | 140.37 | 198.67 | NOTE | |
r-devel-linux-x86_64-fedora-clang | 1.2.4 | 343.53 | NOTE | |||
r-devel-linux-x86_64-fedora-gcc | 1.2.4 | 345.72 | NOTE | |||
r-prerel-macos-arm64 | 1.2.4 | 94.00 | NOTE | |||
r-prerel-windows-x86_64 | 1.2.4 | 58.00 | 168.00 | 226.00 | NOTE | |
r-patched-linux-x86_64 | 1.2.4 | 75.28 | 183.26 | 258.54 | NOTE | |
r-release-linux-x86_64 | 1.2.4 | 48.38 | 185.23 | 233.61 | NOTE | |
r-release-macos-arm64 | 1.2.4 | 94.00 | NOTE | |||
r-release-macos-x86_64 | 1.2.4 | 166.00 | NOTE | |||
r-release-windows-x86_64 | 1.2.4 | 72.00 | 205.00 | 277.00 | NOTE | |
r-oldrel-macos-arm64 | 1.2.4 | 88.00 | NOTE | |||
r-oldrel-windows-x86_64 | 1.2.4 | 69.00 | 211.00 | 280.00 | OK |
Version: 1.2.4
Check: C++ specification
Result: NOTE
Specified C++11: please drop specification unless essential
Flavors: r-devel-linux-x86_64-debian-clang, r-devel-linux-x86_64-debian-gcc, r-devel-linux-x86_64-fedora-clang, r-devel-linux-x86_64-fedora-gcc, r-prerel-macos-arm64, r-prerel-windows-x86_64, r-patched-linux-x86_64, r-release-linux-x86_64, r-release-macos-arm64, r-release-macos-x86_64, r-release-windows-x86_64
Version: 1.2.4
Check: installed package size
Result: NOTE
installed size is 6.6Mb
sub-directories of 1Mb or more:
libs 4.9Mb
Flavors: r-prerel-macos-arm64, r-release-macos-arm64, r-release-macos-x86_64, r-oldrel-macos-arm64