Last updated on 2025-01-17 17:48:32 CET.
Flavor | Version | Tinstall | Tcheck | Ttotal | Status | Flags |
---|---|---|---|---|---|---|
r-devel-linux-x86_64-debian-clang | 1.2.4 | 51.46 | 151.49 | 202.95 | NOTE | |
r-devel-linux-x86_64-debian-gcc | 1.2.4 | 35.61 | 101.43 | 137.04 | NOTE | |
r-devel-linux-x86_64-fedora-clang | 1.2.4 | 339.30 | NOTE | |||
r-devel-linux-x86_64-fedora-gcc | 1.2.4 | 345.94 | NOTE | |||
r-devel-windows-x86_64 | 1.2.4 | 52.00 | 168.00 | 220.00 | NOTE | |
r-patched-linux-x86_64 | 1.2.4 | 48.73 | 141.76 | 190.49 | NOTE | |
r-release-linux-x86_64 | 1.2.4 | 48.44 | 136.87 | 185.31 | NOTE | |
r-release-macos-arm64 | 1.2.4 | 94.00 | NOTE | |||
r-release-macos-x86_64 | 1.2.4 | 193.00 | NOTE | |||
r-release-windows-x86_64 | 1.2.4 | 55.00 | 168.00 | 223.00 | NOTE | |
r-oldrel-macos-arm64 | 1.2.4 | 94.00 | NOTE | |||
r-oldrel-macos-x86_64 | 1.2.4 | 166.00 | NOTE | |||
r-oldrel-windows-x86_64 | 1.2.4 | 58.00 | 203.00 | 261.00 | NOTE |
Version: 1.2.4
Check: C++ specification
Result: NOTE
Specified C++11: please drop specification unless essential
Flavors: r-devel-linux-x86_64-debian-clang, r-devel-linux-x86_64-debian-gcc, r-devel-linux-x86_64-fedora-clang, r-devel-linux-x86_64-fedora-gcc, r-devel-windows-x86_64, r-patched-linux-x86_64, r-release-linux-x86_64, r-release-macos-arm64, r-release-macos-x86_64, r-release-windows-x86_64, r-oldrel-macos-arm64, r-oldrel-macos-x86_64, r-oldrel-windows-x86_64
Version: 1.2.4
Check: installed package size
Result: NOTE
installed size is 6.6Mb
sub-directories of 1Mb or more:
libs 4.9Mb
Flavors: r-release-macos-arm64, r-release-macos-x86_64, r-oldrel-macos-arm64, r-oldrel-macos-x86_64