Last updated on 2023-03-27 06:50:17 CEST.
Flavor | Version | Tinstall | Tcheck | Ttotal | Status | Flags |
---|---|---|---|---|---|---|
r-devel-linux-x86_64-debian-clang | 1.2.0 | 5.91 | 40.79 | 46.70 | NOTE | |
r-devel-linux-x86_64-debian-gcc | 1.2.0 | 4.55 | 30.29 | 34.84 | NOTE | |
r-devel-linux-x86_64-fedora-clang | 1.2.0 | 57.68 | NOTE | |||
r-devel-linux-x86_64-fedora-gcc | 1.2.0 | 53.66 | NOTE | |||
r-patched-linux-x86_64 | 1.2.0 | 5.83 | 38.55 | 44.38 | NOTE | |
r-release-linux-x86_64 | 1.2.0 | 3.91 | 38.63 | 42.54 | NOTE | |
r-release-macos-arm64 | 1.2.0 | 18.00 | NOTE | |||
r-release-macos-x86_64 | 1.2.0 | 26.00 | NOTE | |||
r-release-windows-x86_64 | 1.2.0 | 20.00 | 66.00 | 86.00 | NOTE | |
r-oldrel-macos-arm64 | 1.2.0 | 21.00 | NOTE | |||
r-oldrel-macos-x86_64 | 1.2.0 | 31.00 | NOTE | |||
r-oldrel-windows-ix86+x86_64 | 1.2.0 | 11.00 | 63.00 | 74.00 | NOTE |
Version: 1.2.0
Check: LazyData
Result: NOTE
'LazyData' is specified without a 'data' directory
Flavors: r-devel-linux-x86_64-debian-clang, r-devel-linux-x86_64-debian-gcc, r-devel-linux-x86_64-fedora-clang, r-devel-linux-x86_64-fedora-gcc, r-patched-linux-x86_64, r-release-linux-x86_64, r-release-macos-arm64, r-release-macos-x86_64, r-release-windows-x86_64, r-oldrel-macos-arm64, r-oldrel-macos-x86_64, r-oldrel-windows-ix86+x86_64