Last updated on 2024-05-11 11:48:28 CEST.
Flavor | Version | Tinstall | Tcheck | Ttotal | Status | Flags |
---|---|---|---|---|---|---|
r-devel-linux-x86_64-debian-clang | 5.5.1 | 35.44 | 127.74 | 163.18 | NOTE | |
r-devel-linux-x86_64-debian-gcc | 5.5.1 | 21.59 | 88.33 | 109.92 | NOTE | |
r-devel-linux-x86_64-fedora-clang | 5.5.1 | 201.86 | NOTE | |||
r-devel-linux-x86_64-fedora-gcc | 5.5.1 | 205.90 | NOTE | |||
r-devel-windows-x86_64 | 5.5.1 | 26.00 | 107.00 | 133.00 | NOTE | |
r-patched-linux-x86_64 | 5.5.1 | 19.71 | 118.61 | 138.32 | NOTE | |
r-release-linux-x86_64 | 5.5.1 | 17.59 | 114.64 | 132.23 | NOTE | |
r-release-macos-arm64 | 5.5.1 | 57.00 | NOTE | |||
r-release-windows-x86_64 | 5.5.1 | 26.00 | 107.00 | 133.00 | NOTE | |
r-oldrel-macos-arm64 | 5.5.1 | 54.00 | NOTE | |||
r-oldrel-macos-x86_64 | 5.5.1 | 95.00 | NOTE | |||
r-oldrel-windows-x86_64 | 5.5.1 | 32.00 | 126.00 | 158.00 | NOTE |
Version: 5.5.1
Check: package dependencies
Result: NOTE
Packages suggested but not available for checking: 'cairoDevice', 'RGtk2'
Flavors: r-devel-linux-x86_64-debian-clang, r-devel-linux-x86_64-debian-gcc, r-devel-linux-x86_64-fedora-clang, r-devel-linux-x86_64-fedora-gcc, r-devel-windows-x86_64, r-patched-linux-x86_64, r-release-linux-x86_64, r-release-macos-arm64, r-release-windows-x86_64, r-oldrel-macos-arm64, r-oldrel-macos-x86_64, r-oldrel-windows-x86_64
Version: 5.5.1
Check: Rd files
Result: NOTE
checkRd: (-1) acquireAuditData.Rd:24: Escaped LaTeX specials: \_
checkRd: (-1) rattle.Rd:44: Escaped LaTeX specials: \_
Flavors: r-devel-linux-x86_64-debian-clang, r-devel-linux-x86_64-debian-gcc, r-devel-linux-x86_64-fedora-clang, r-devel-linux-x86_64-fedora-gcc, r-devel-windows-x86_64, r-patched-linux-x86_64, r-release-linux-x86_64, r-release-macos-arm64, r-release-windows-x86_64, r-oldrel-macos-arm64, r-oldrel-macos-x86_64, r-oldrel-windows-x86_64
Version: 5.5.1
Check: installed package size
Result: NOTE
installed size is 9.5Mb
sub-directories of 1Mb or more:
data 4.5Mb
etc 1.9Mb
po 1.2Mb
Flavors: r-devel-linux-x86_64-fedora-clang, r-devel-windows-x86_64, r-release-macos-arm64, r-release-windows-x86_64, r-oldrel-macos-arm64, r-oldrel-macos-x86_64, r-oldrel-windows-x86_64