CRAN Package Check Results for Package raveio

Last updated on 2021-12-03 05:52:10 CET.

Flavor Version Tinstall Tcheck Ttotal Status Flags
r-devel-linux-x86_64-debian-clang 0.0.5 17.40 72.58 89.98 OK
r-devel-linux-x86_64-debian-gcc 0.0.5 12.75 55.22 67.97 OK
r-devel-linux-x86_64-fedora-clang 0.0.5 123.81 OK
r-devel-linux-x86_64-fedora-gcc 0.0.5 111.37 OK
r-devel-windows-x86_64-new-UL 0.0.5 36.00 148.00 184.00 OK
r-devel-windows-x86_64-new-TK 0.0.5 OK
r-devel-windows-x86_64-old 0.0.5 28.00 96.00 124.00 OK
r-patched-linux-x86_64 0.0.5 14.62 69.06 83.68 OK
r-patched-solaris-x86 0.0.5 142.30 ERROR
r-release-linux-x86_64 0.0.5 15.50 68.54 84.04 OK
r-release-macos-arm64 0.0.5 OK
r-release-macos-x86_64 0.0.5 OK
r-release-windows-ix86+x86_64 0.0.5 32.00 119.00 151.00 OK
r-oldrel-macos-x86_64 0.0.5 OK
r-oldrel-windows-ix86+x86_64 0.0.5 33.00 115.00 148.00 OK

Check Details

Version: 0.0.5
Check: examples
Result: ERROR
    Running examples in ‘raveio-Ex.R’ failed
    The error most likely occurred in:
    
    > ### Name: LazyH5
    > ### Title: Lazy 'HDF5' file loader
    > ### Aliases: LazyH5
    >
    > ### ** Examples
    >
    > # Data to save
    > x <- array(rnorm(1000), c(10,10,10))
    >
    > # Save to local disk
    > f <- tempfile()
    > save_h5(x, file = f, name = 'x', chunk = c(10,10,10), level = 0)
    /tmp/RtmprNaiHC/working_dir/RtmpDAaOgX/file62351a4e690d => x (Dataset Created)
    /tmp/RtmprNaiHC/working_dir/RtmpDAaOgX/file62351a4e690d => x (Dataset Removed)
    /tmp/RtmprNaiHC/working_dir/RtmpDAaOgX/file62351a4e690d => x (Dataset Created)
    >
    > # Load via LazyFST
    > dat <- LazyH5$new(file_path = f, data_name = 'x', read_only = TRUE)
    >
    > dat
    >
    > # Check whether the data is identical
    > range(dat - x)
    Error in self$read_low_level(file_space = self_space_id, mem_space = mem_space_id, :
     HDF5-API Errors:
     error #000: H5T.c in H5Tget_class(): line 2090: not a datatype
     class: HDF5
     major: Invalid arguments to routine
     minor: Inappropriate type
    Calls: -.LazyH5 -> <Anonymous> -> <Anonymous> -> <Anonymous> -> .Call
    Execution halted
Flavor: r-patched-solaris-x86