Last updated on 2023-03-31 05:54:33 CEST.
Flavor | Version | Tinstall | Tcheck | Ttotal | Status | Flags |
---|---|---|---|---|---|---|
r-devel-linux-x86_64-debian-clang | 1.0.5 | 15.53 | 163.01 | 178.54 | OK | |
r-devel-linux-x86_64-debian-gcc | 1.0.5 | 11.49 | 121.24 | 132.73 | OK | |
r-devel-linux-x86_64-fedora-clang | 1.0.5 | 217.03 | NOTE | |||
r-devel-linux-x86_64-fedora-gcc | 1.0.5 | 220.54 | NOTE | |||
r-devel-windows-x86_64 | 1.0.5 | 37.00 | 0.00 | 37.00 | ERROR | |
r-patched-linux-x86_64 | 1.0.5 | 11.89 | 156.54 | 168.43 | OK | |
r-release-linux-x86_64 | 1.0.5 | 14.08 | 155.57 | 169.65 | OK | |
r-release-macos-arm64 | 1.0.5 | 55.00 | NOTE | |||
r-release-macos-x86_64 | 1.0.5 | 145.00 | NOTE | |||
r-release-windows-x86_64 | 1.0.5 | 50.00 | 201.00 | 251.00 | OK | |
r-oldrel-macos-arm64 | 1.0.5 | 89.00 | NOTE | |||
r-oldrel-macos-x86_64 | 1.0.5 | 113.00 | NOTE | |||
r-oldrel-windows-ix86+x86_64 | 1.0.5 | 30.00 | 188.00 | 218.00 | OK |
Version: 1.0.5
Check: data for non-ASCII characters
Result: NOTE
Note: found 8 marked UTF-8 strings
Flavors: r-devel-linux-x86_64-fedora-clang, r-devel-linux-x86_64-fedora-gcc, r-release-macos-arm64, r-release-macos-x86_64, r-oldrel-macos-arm64, r-oldrel-macos-x86_64
Version: 1.0.5
Check: re-building of vignette outputs
Result: ERROR
Error(s) in re-building vignettes:
--- re-building 'Building_Benvos.Rmd' using rmarkdown
Quitting from lines 55-59 (Building_Benvos.Rmd)
Error: processing vignette 'Building_Benvos.Rmd' failed with diagnostics:
cannot allocate vector of size 52 Kb
--- failed re-building 'Building_Benvos.Rmd'
--- re-building 'Introduction.Rmd' using rmarkdown
--- finished re-building 'Introduction.Rmd'
SUMMARY: processing the following file failed:
'Building_Benvos.Rmd'
Error: Vignette re-building failed.
Execution halted
Flavor: r-devel-windows-x86_64
Version: 1.0.5
Check: HTML version of manual
Result: NOTE
Encountered the following conversion/validation errors:
'CreateProcess' failed to run 'd:\rtools43\x86_64-w64-mingw32.static.posix\bin\tidy.exe -language en -qe --drop-empty-elements no D:\temp\RtmpILvDwy\file3d245b533d3f'
'CreateProcess' failed to run 'd:\rtools43\x86_64-w64-mingw32.static.posix\bin\tidy.exe -language en -qe --drop-empty-elements no D:\temp\RtmpILvDwy\file3d245b533d3f'
'CreateProcess' failed to run 'd:\rtools43\x86_64-w64-mingw32.static.posix\bin\tidy.exe -language en -qe --drop-empty-elements no D:\temp\RtmpILvDwy\file3d245b533d3f'
'CreateProcess' failed to run 'd:\rtools43\x86_64-w64-mingw32.static.posix\bin\tidy.exe -language en -qe --drop-empty-elements no D:\temp\RtmpILvDwy\file3d245b533d3f'
'CreateProcess' failed to run 'd:\rtools43\x86_64-w64-mingw32.static.posix\bin\tidy.exe -language en -qe --drop-empty-elements no D:\temp\RtmpILvDwy\file3d245b533d3f'
Flavor: r-devel-windows-x86_64