CRAN Package Check Results for Package rbi

Last updated on 2021-07-30 05:52:25 CEST.

Flavor Version Tinstall Tcheck Ttotal Status Flags
r-devel-linux-x86_64-debian-clang 0.10.3 OK --no-examples --no-tests --no-vignettes
r-devel-linux-x86_64-debian-gcc 0.10.3 5.65 36.78 42.43 OK --no-examples --no-tests --no-vignettes
r-devel-linux-x86_64-fedora-clang 0.10.3 128.82 NOTE
r-devel-linux-x86_64-fedora-gcc 0.10.3 77.88 NOTE
r-devel-windows-x86_64 0.10.3 9.00 101.00 110.00 OK
r-devel-windows-x86_64-gcc10-UCRT 0.10.3 OK --no-tests
r-patched-linux-x86_64 0.10.3 OK --no-examples --no-tests --no-vignettes
r-patched-solaris-x86 0.10.3 170.40 NOTE
r-release-linux-x86_64 0.10.3 6.15 45.83 51.98 OK --no-examples --no-tests --no-vignettes
r-release-macos-arm64 0.10.3 OK
r-release-macos-x86_64 0.10.3 OK
r-release-windows-ix86+x86_64 0.10.3 14.00 94.00 108.00 OK
r-oldrel-macos-x86_64 0.10.3 OK
r-oldrel-windows-ix86+x86_64 0.10.3 11.00 90.00 101.00 OK

Check Details

Version: 0.10.3
Check: for non-standard things in the check directory
Result: NOTE
    Found the following files/directories:
     ‘PZ.bi’ ‘mu_sigma.nc’
Flavors: r-devel-linux-x86_64-fedora-clang, r-devel-linux-x86_64-fedora-gcc, r-patched-solaris-x86