Last updated on 2023-03-23 05:50:32 CET.
Flavor | Version | Tinstall | Tcheck | Ttotal | Status | Flags |
---|---|---|---|---|---|---|
r-devel-linux-x86_64-debian-clang | 1.0.0 | 8.67 | 82.97 | 91.64 | OK | |
r-devel-linux-x86_64-debian-gcc | 1.0.0 | 5.41 | 62.64 | 68.05 | OK | |
r-devel-linux-x86_64-fedora-clang | 1.0.0 | 116.39 | OK | |||
r-devel-linux-x86_64-fedora-gcc | 1.0.0 | 116.69 | OK | |||
r-patched-linux-x86_64 | 1.0.0 | 8.23 | 80.08 | 88.31 | OK | |
r-release-linux-x86_64 | 1.0.0 | 8.92 | 80.47 | 89.39 | OK | |
r-release-macos-arm64 | 1.0.0 | 37.00 | OK | |||
r-release-macos-x86_64 | 1.0.0 | 69.00 | OK | |||
r-release-windows-x86_64 | 1.0.0 | 24.00 | 179.00 | 203.00 | OK | |
r-oldrel-macos-arm64 | 1.0.0 | 42.00 | OK | |||
r-oldrel-macos-x86_64 | 1.0.0 | 68.00 | OK | |||
r-oldrel-windows-ix86+x86_64 | 1.0.0 | 19.00 | 119.00 | 138.00 | NOTE |
Version: 1.0.0
Check: dependencies in R code
Result: NOTE
Initiating curl with CURL_SSL_BACKEND: openssl
Flavor: r-oldrel-windows-ix86+x86_64