CRAN Package Check Results for Package rbokeh

Last updated on 2019-07-16 05:48:28 CEST.

Flavor Version Tinstall Tcheck Ttotal Status Flags
r-devel-linux-x86_64-debian-clang 0.5.0 11.38 96.88 108.26 OK
r-devel-linux-x86_64-debian-gcc 0.5.0 10.79 75.26 86.05 OK
r-devel-linux-x86_64-fedora-clang 0.5.0 128.70 NOTE
r-devel-linux-x86_64-fedora-gcc 0.5.0 123.18 NOTE
r-devel-windows-ix86+x86_64 0.5.0 35.00 124.00 159.00 OK
r-patched-linux-x86_64 0.5.0 11.07 96.51 107.58 OK
r-patched-solaris-x86 0.5.0 186.20 NOTE
r-release-linux-x86_64 0.5.0 10.45 95.24 105.69 OK
r-release-windows-ix86+x86_64 0.5.0 20.00 133.00 153.00 OK
r-release-osx-x86_64 0.5.0 NOTE
r-oldrel-windows-ix86+x86_64 0.5.0 27.00 167.00 194.00 OK
r-oldrel-osx-x86_64 0.5.0 NOTE

Check Details

Version: 0.5.0
Check: dependencies in R code
Result: NOTE
    Namespace in Imports field not imported from: ‘ggplot2’
     All declared Imports should be used.
Flavors: r-devel-linux-x86_64-fedora-clang, r-devel-linux-x86_64-fedora-gcc, r-patched-solaris-x86, r-release-osx-x86_64, r-oldrel-osx-x86_64