CRAN Package Check Results for Package rbokeh

Last updated on 2020-11-24 06:46:54 CET.

Flavor Version Tinstall Tcheck Ttotal Status Flags
r-devel-linux-x86_64-debian-clang 0.5.1 17.80 111.02 128.82 OK
r-devel-linux-x86_64-debian-gcc 0.5.1 10.95 82.56 93.51 OK
r-devel-linux-x86_64-fedora-clang 0.5.1 155.15 NOTE
r-devel-linux-x86_64-fedora-gcc 0.5.1 144.31 NOTE
r-devel-windows-ix86+x86_64 0.5.1 27.00 146.00 173.00 OK
r-patched-linux-x86_64 0.5.1 13.06 103.68 116.74 OK
r-patched-solaris-x86 0.5.1 197.80 NOTE
r-release-linux-x86_64 0.5.1 13.95 104.81 118.76 OK
r-release-macos-x86_64 0.5.1 NOTE
r-release-windows-ix86+x86_64 0.5.1 19.00 111.00 130.00 OK
r-oldrel-macos-x86_64 0.5.1 NOTE
r-oldrel-windows-ix86+x86_64 0.5.1 16.00 108.00 124.00 OK

Check Details

Version: 0.5.1
Check: dependencies in R code
Result: NOTE
    Namespace in Imports field not imported from: ‘ggplot2’
     All declared Imports should be used.
Flavors: r-devel-linux-x86_64-fedora-clang, r-devel-linux-x86_64-fedora-gcc, r-patched-solaris-x86, r-release-macos-x86_64, r-oldrel-macos-x86_64