CRAN Package Check Results for Package rccmisc

Last updated on 2021-07-27 11:51:15 CEST.

Flavor Version Tinstall Tcheck Ttotal Status Flags
r-devel-linux-x86_64-debian-clang 0.3.7 2.59 28.38 30.97 OK
r-devel-linux-x86_64-debian-gcc 0.3.7 1.94 22.57 24.51 OK
r-devel-linux-x86_64-fedora-clang 0.3.7 47.36 NOTE
r-devel-linux-x86_64-fedora-gcc 0.3.7 37.25 NOTE
r-devel-windows-x86_64 0.3.7 4.00 46.00 50.00 OK
r-devel-windows-x86_64-gcc10-UCRT 0.3.7 NOTE
r-patched-linux-x86_64 0.3.7 2.81 27.56 30.37 OK
r-patched-solaris-x86 0.3.7 55.80 NOTE
r-release-linux-x86_64 0.3.7 2.51 27.60 30.11 OK
r-release-macos-arm64 0.3.7 NOTE
r-release-macos-x86_64 0.3.7 NOTE
r-release-windows-ix86+x86_64 0.3.7 6.00 36.00 42.00 OK
r-oldrel-macos-x86_64 0.3.7 NOTE
r-oldrel-windows-ix86+x86_64 0.3.7 5.00 44.00 49.00 OK

Check Details

Version: 0.3.7
Check: dependencies in R code
Result: NOTE
    Namespace in Imports field not imported from: ‘dplyr’
     All declared Imports should be used.
Flavors: r-devel-linux-x86_64-fedora-clang, r-devel-linux-x86_64-fedora-gcc, r-devel-windows-x86_64-gcc10-UCRT, r-patched-solaris-x86, r-release-macos-arm64, r-release-macos-x86_64, r-oldrel-macos-x86_64