CRAN Package Check Results for Package rchie

Last updated on 2022-05-18 18:52:31 CEST.

Flavor Version Tinstall Tcheck Ttotal Status Flags
r-devel-linux-x86_64-debian-clang 1.0.2 2.94 45.39 48.33 NOTE
r-devel-linux-x86_64-debian-gcc 1.0.2 2.26 35.01 37.27 NOTE
r-devel-linux-x86_64-fedora-clang 1.0.2 58.32 NOTE
r-devel-linux-x86_64-fedora-gcc 1.0.2 59.73 NOTE
r-devel-windows-x86_64 1.0.2 22.00 66.00 88.00 NOTE
r-patched-linux-x86_64 1.0.2 3.06 43.63 46.69 NOTE
r-release-linux-x86_64 1.0.2 3.08 43.62 46.70 NOTE
r-release-macos-arm64 1.0.2 21.00 NOTE
r-release-macos-x86_64 1.0.2 28.00 NOTE
r-release-windows-x86_64 1.0.2 38.00 66.00 104.00 NOTE
r-oldrel-macos-arm64 1.0.2 29.00 NOTE
r-oldrel-macos-x86_64 1.0.2 31.00 NOTE
r-oldrel-windows-ix86+x86_64 1.0.2 10.00 75.00 85.00 NOTE

Check Details

Version: 1.0.2
Check: LazyData
Result: NOTE
     'LazyData' is specified without a 'data' directory
Flavors: r-devel-linux-x86_64-debian-clang, r-devel-linux-x86_64-debian-gcc, r-devel-linux-x86_64-fedora-clang, r-devel-linux-x86_64-fedora-gcc, r-devel-windows-x86_64, r-patched-linux-x86_64, r-release-linux-x86_64, r-release-macos-arm64, r-release-macos-x86_64, r-release-windows-x86_64, r-oldrel-macos-arm64, r-oldrel-macos-x86_64, r-oldrel-windows-ix86+x86_64