CRAN Package Check Results for Package rclimateca

Last updated on 2019-07-16 05:48:28 CEST.

Flavor Version Tinstall Tcheck Ttotal Status Flags
r-devel-linux-x86_64-debian-clang 1.0.2 5.90 64.24 70.14 OK
r-devel-linux-x86_64-debian-gcc 1.0.2 5.07 50.81 55.88 OK
r-devel-linux-x86_64-fedora-clang 1.0.2 92.55 NOTE
r-devel-linux-x86_64-fedora-gcc 1.0.2 78.12 NOTE
r-devel-windows-ix86+x86_64 1.0.2 20.00 129.00 149.00 OK
r-patched-linux-x86_64 1.0.2 5.40 62.81 68.21 OK
r-patched-solaris-x86 1.0.2 127.60 NOTE
r-release-linux-x86_64 1.0.2 5.88 63.44 69.32 OK
r-release-windows-ix86+x86_64 1.0.2 10.00 125.00 135.00 OK
r-release-osx-x86_64 1.0.2 NOTE
r-oldrel-windows-ix86+x86_64 1.0.2 12.00 144.00 156.00 OK
r-oldrel-osx-x86_64 1.0.2 NOTE

Check Details

Version: 1.0.2
Check: data for non-ASCII characters
Result: NOTE
     Note: found 24 marked UTF-8 strings
Flavors: r-devel-linux-x86_64-fedora-clang, r-devel-linux-x86_64-fedora-gcc, r-patched-solaris-x86, r-release-osx-x86_64, r-oldrel-osx-x86_64