Last updated on 2023-11-29 05:52:28 CET.
Flavor | Version | Tinstall | Tcheck | Ttotal | Status | Flags |
---|---|---|---|---|---|---|
r-devel-linux-x86_64-debian-clang | 1.3 | 7.13 | 66.91 | 74.04 | OK | |
r-devel-linux-x86_64-debian-gcc | 1.3 | 6.74 | 50.67 | 57.41 | OK | |
r-devel-linux-x86_64-fedora-clang | 1.3 | 91.46 | NOTE | |||
r-devel-linux-x86_64-fedora-gcc | 1.3 | 100.10 | OK | |||
r-devel-windows-x86_64 | 1.3 | 9.00 | 79.00 | 88.00 | OK | |
r-patched-linux-x86_64 | 1.3 | 15.73 | 64.14 | 79.87 | OK | |
r-release-linux-x86_64 | 1.3 | 4.86 | 63.41 | 68.27 | OK | |
r-release-macos-arm64 | 1.3 | 50.00 | OK | |||
r-release-macos-x86_64 | 1.3 | 69.00 | OK | |||
r-release-windows-x86_64 | 1.3 | 11.00 | 83.00 | 94.00 | OK | |
r-oldrel-macos-arm64 | 1.3 | 42.00 | OK | |||
r-oldrel-macos-x86_64 | 1.1 | 42.00 | OK | |||
r-oldrel-windows-x86_64 | 1.3 | 11.00 | 90.00 | 101.00 | OK |
Version: 1.3
Check: Rd cross-references
Result: NOTE
Undeclared package ‘remotes’ in Rd xrefs
Flavor: r-devel-linux-x86_64-fedora-clang