CRAN Package Check Results for Package rcorpora

Last updated on 2020-11-27 23:50:28 CET.

Flavor Version Tinstall Tcheck Ttotal Status Flags
r-devel-linux-x86_64-debian-clang 2.0.0 5.32 29.67 34.99 OK
r-devel-linux-x86_64-debian-gcc 2.0.0 3.91 22.26 26.17 OK
r-devel-linux-x86_64-fedora-clang 2.0.0 41.69 NOTE
r-devel-linux-x86_64-fedora-gcc 2.0.0 32.40 OK
r-devel-windows-ix86+x86_64 2.0.0 10.00 44.00 54.00 NOTE
r-patched-linux-x86_64 2.0.0 5.38 29.62 35.00 OK
r-patched-solaris-x86 2.0.0 58.00 NOTE
r-release-linux-x86_64 2.0.0 5.43 27.32 32.75 OK
r-release-macos-x86_64 2.0.0 NOTE
r-release-windows-ix86+x86_64 2.0.0 10.00 38.00 48.00 NOTE
r-oldrel-macos-x86_64 2.0.0 NOTE
r-oldrel-windows-ix86+x86_64 2.0.0 8.00 39.00 47.00 NOTE

Check Details

Version: 2.0.0
Check: installed package size
Result: NOTE
     installed size is 7.8Mb
     sub-directories of 1Mb or more:
     corpora 7.6Mb
Flavors: r-devel-linux-x86_64-fedora-clang, r-devel-windows-ix86+x86_64, r-patched-solaris-x86, r-release-macos-x86_64, r-release-windows-ix86+x86_64, r-oldrel-macos-x86_64, r-oldrel-windows-ix86+x86_64