CRAN Package Check Results for Package rcosmo

Last updated on 2021-01-26 05:48:27 CET.

Flavor Version Tinstall Tcheck Ttotal Status Flags
r-devel-linux-x86_64-debian-clang 1.1.2 51.60 107.62 159.22 OK
r-devel-linux-x86_64-debian-gcc 1.1.2 34.93 81.62 116.55 OK
r-devel-linux-x86_64-fedora-clang 1.1.2 211.65 OK
r-devel-linux-x86_64-fedora-gcc 1.1.2 193.94 OK
r-devel-windows-ix86+x86_64 1.1.2 108.00 163.00 271.00 OK
r-patched-linux-x86_64 1.1.2 41.34 102.60 143.94 OK
r-patched-solaris-x86 1.1.2 225.50 OK
r-release-linux-x86_64 1.1.2 41.16 102.37 143.53 OK
r-release-macos-x86_64 1.1.2 OK
r-release-windows-ix86+x86_64 1.1.2 109.00 140.00 249.00 OK
r-oldrel-macos-x86_64 1.1.2 WARN
r-oldrel-windows-ix86+x86_64 1.1.2 82.00 181.00 263.00 OK

Check Details

Version: 1.1.2
Check: dependencies in R code
Result: NOTE
    No protocol specified
    No protocol specified
    No protocol specified
Flavor: r-oldrel-macos-x86_64

Version: 1.1.2
Check: S3 generic/method consistency
Result: WARN
    No protocol specified
    No protocol specified
    See section ‘Generic functions and methods’ in the ‘Writing R
    Extensions’ manual.
Flavor: r-oldrel-macos-x86_64

Version: 1.1.2
Check: replacement functions
Result: WARN
    No protocol specified
    No protocol specified
    The argument of a replacement function which corresponds to the right
    hand side must be named ‘value’.
Flavor: r-oldrel-macos-x86_64

Version: 1.1.2
Check: foreign function calls
Result: NOTE
    No protocol specified
    No protocol specified
    See chapter ‘System and foreign language interfaces’ in the ‘Writing R
    Extensions’ manual.
Flavor: r-oldrel-macos-x86_64

Version: 1.1.2
Check: R code for possible problems
Result: NOTE
    No protocol specified
    No protocol specified
Flavor: r-oldrel-macos-x86_64

Version: 1.1.2
Check: for missing documentation entries
Result: WARN
    No protocol specified
    No protocol specified
    All user-level objects in a package should have documentation entries.
    See chapter ‘Writing R documentation files’ in the ‘Writing R
    Extensions’ manual.
Flavor: r-oldrel-macos-x86_64

Version: 1.1.2
Check: for code/documentation mismatches
Result: WARN
    No protocol specified
    No protocol specified
    No protocol specified
    No protocol specified
    No protocol specified
    No protocol specified
Flavor: r-oldrel-macos-x86_64

Version: 1.1.2
Check: Rd \usage sections
Result: NOTE
    No protocol specified
    No protocol specified
    The \usage entries for S3 methods should use the \method markup and not
    their full name.
    See chapter ‘Writing R documentation files’ in the ‘Writing R
    Extensions’ manual.
Flavor: r-oldrel-macos-x86_64