CRAN Package Check Results for Package rde

Last updated on 2024-06-18 11:54:55 CEST.

Flavor Version Tinstall Tcheck Ttotal Status Flags
r-devel-linux-x86_64-debian-clang 0.1.0 2.32 34.29 36.61 NOTE
r-devel-linux-x86_64-debian-gcc 0.1.0 1.69 25.42 27.11 NOTE
r-devel-linux-x86_64-fedora-clang 0.1.0 45.87 NOTE
r-devel-linux-x86_64-fedora-gcc 0.1.0 57.67 NOTE
r-devel-windows-x86_64 0.1.0 3.00 47.00 50.00 NOTE
r-patched-linux-x86_64 0.1.0 2.40 32.60 35.00 NOTE
r-release-linux-x86_64 0.1.0 2.20 32.50 34.70 NOTE
r-release-macos-arm64 0.1.0 22.00 NOTE
r-release-macos-x86_64 0.1.0 31.00 NOTE
r-release-windows-x86_64 0.1.0 3.00 48.00 51.00 NOTE
r-oldrel-macos-arm64 0.1.0 22.00 NOTE
r-oldrel-macos-x86_64 0.1.0 31.00 NOTE
r-oldrel-windows-x86_64 0.1.0 3.00 49.00 52.00 NOTE

Additional issues

donttest

Check Details

Version: 0.1.0
Check: LazyData
Result: NOTE 'LazyData' is specified without a 'data' directory Flavors: r-devel-linux-x86_64-debian-clang, r-devel-linux-x86_64-debian-gcc, r-devel-linux-x86_64-fedora-clang, r-devel-linux-x86_64-fedora-gcc, r-devel-windows-x86_64, r-patched-linux-x86_64, r-release-linux-x86_64, r-release-macos-arm64, r-release-macos-x86_64, r-release-windows-x86_64, r-oldrel-macos-arm64, r-oldrel-macos-x86_64, r-oldrel-windows-x86_64