CRAN Package Check Results for Package rdflib

Last updated on 2019-10-23 11:49:56 CEST.

Flavor Version Tinstall Tcheck Ttotal Status Flags
r-devel-linux-x86_64-debian-clang 0.2.2 8.12 73.41 81.53 OK
r-devel-linux-x86_64-debian-gcc 0.2.2 6.82 56.10 62.92 OK
r-devel-linux-x86_64-fedora-clang 0.2.2 74.29 OK
r-devel-linux-x86_64-fedora-gcc 0.2.2 72.61 OK
r-devel-windows-ix86+x86_64 0.2.2 18.00 112.00 130.00 OK
r-patched-linux-x86_64 0.2.2 7.04 70.69 77.73 OK
r-patched-solaris-x86 0.2.2 117.20 WARN
r-release-linux-x86_64 0.2.2 7.54 70.54 78.08 OK
r-release-windows-ix86+x86_64 0.2.2 21.00 86.00 107.00 OK
r-release-osx-x86_64 0.2.2 WARN
r-oldrel-windows-ix86+x86_64 0.2.2 13.00 119.00 132.00 OK
r-oldrel-osx-x86_64 0.2.2 WARN

Check Details

Version: 0.2.2
Check: re-building of vignette outputs
Result: WARN
    Error(s) in re-building vignettes:
     ...
    --- re-building ‘rdf_intro.Rmd’ using rmarkdown
    Warning in engine$weave(file, quiet = quiet, encoding = enc) :
     Pandoc (>= 1.12.3) and/or pandoc-citeproc not available. Falling back to R Markdown v1.
    No methods found in package 'redland' for request: 'getNextResult' when loading 'rdflib'
    
    Attaching package: 'dplyr'
    
    The following objects are masked from 'package:stats':
    
     filter, lag
    
    The following objects are masked from 'package:base':
    
     intersect, setdiff, setequal, union
    
    Quitting from lines 41-42 (rdf_intro.Rmd)
    Error: processing vignette 'rdf_intro.Rmd' failed with diagnostics:
    there is no package called 'webshot'
    --- failed re-building ‘rdf_intro.Rmd’
    
    SUMMARY: processing the following file failed:
     ‘rdf_intro.Rmd’
    
    Error: Vignette re-building failed.
    Execution halted
Flavor: r-patched-solaris-x86

Version: 0.2.2
Check: re-building of vignette outputs
Result: WARN
    Error(s) in re-building vignettes:
     ...
    --- re-building ‘rdf_intro.Rmd’ using rmarkdown
    Warning in engine$weave(file, quiet = quiet, encoding = enc) :
     Pandoc (>= 1.12.3) and/or pandoc-citeproc not available. Falling back to R Markdown v1.
    
    Attaching package: 'dplyr'
    
    The following objects are masked from 'package:stats':
    
     filter, lag
    
    The following objects are masked from 'package:base':
    
     intersect, setdiff, setequal, union
    
    Quitting from lines 41-42 (rdf_intro.Rmd)
    Error: processing vignette 'rdf_intro.Rmd' failed with diagnostics:
    cannot open the connection
    --- failed re-building ‘rdf_intro.Rmd’
    
    SUMMARY: processing the following file failed:
     ‘rdf_intro.Rmd’
    
    Error: Vignette re-building failed.
    Execution halted
Flavor: r-release-osx-x86_64

Version: 0.2.2
Check: re-building of vignette outputs
Result: WARN
    Error in re-building vignettes:
     ...
    Warning in engine$weave(file, quiet = quiet, encoding = enc) :
     Pandoc (>= 1.12.3) and/or pandoc-citeproc not available. Falling back to R Markdown v1.
    
    Attaching package: 'dplyr'
    
    The following objects are masked from 'package:stats':
    
     filter, lag
    
    The following objects are masked from 'package:base':
    
     intersect, setdiff, setequal, union
    
    Quitting from lines 41-42 (rdf_intro.Rmd)
    Error: processing vignette 'rdf_intro.Rmd' failed with diagnostics:
    cannot open the connection
    Execution halted
Flavor: r-oldrel-osx-x86_64