CRAN Package Check Results for Package rdist

Last updated on 2019-03-26 05:50:47 CET.

Flavor Version Tinstall Tcheck Ttotal Status Flags
r-devel-linux-x86_64-debian-clang 0.0.3 107.88 26.18 134.06 WARN
r-devel-linux-x86_64-debian-gcc 0.0.3 90.49 21.25 111.74 NOTE
r-devel-linux-x86_64-fedora-clang 0.0.3 232.47 WARN
r-devel-linux-x86_64-fedora-gcc 0.0.3 198.53 NOTE
r-devel-windows-ix86+x86_64 0.0.3 266.00 82.00 348.00 OK
r-patched-linux-x86_64 0.0.3 114.10 24.99 139.09 OK
r-patched-solaris-x86 0.0.3 162.50 OK
r-release-linux-x86_64 0.0.3 112.77 24.81 137.58 OK
r-release-windows-ix86+x86_64 0.0.3 280.00 75.00 355.00 OK
r-release-osx-x86_64 0.0.3 WARN
r-oldrel-windows-ix86+x86_64 0.0.3 225.00 58.00 283.00 OK
r-oldrel-osx-x86_64 0.0.3 OK

Check Details

Version: 0.0.3
Check: whether package can be installed
Result: WARN
    Found the following significant warnings:
     dist.cpp:19:33: warning: explicitly assigning value of variable of type 'float' to itself [-Wself-assign]
     dist.cpp:65:33: warning: explicitly assigning value of variable of type 'float' to itself [-Wself-assign]
     dist.cpp:111:36: warning: explicitly assigning value of variable of type 'float' to itself [-Wself-assign]
Flavors: r-devel-linux-x86_64-debian-clang, r-devel-linux-x86_64-fedora-clang, r-release-osx-x86_64

Version: 0.0.3
Check: use of SHLIB_OPENMP_*FLAGS in Makefiles
Result: NOTE
     src/Makevars: SHLIB_OPENMP_CXXFLAGS is included in PKG_CXXFLAGS but not in PKG_LIBS
     src/Makevars: SHLIB_OPENMP_CFLAGS is included in PKG_LIBS but linking is by C++
     src/Makevars.win: SHLIB_OPENMP_CXXFLAGS is included in PKG_CXXFLAGS but not in PKG_LIBS
     src/Makevars.win: SHLIB_OPENMP_CFLAGS is included in PKG_LIBS but linking is by C++
    Use of these macros is discussed in sect 1.2.1.1 of 'Writing R
    Extensions'. The macros for different languages may differ so the
    matching macro must be used in PKG_CXXFLAGS (etc) and match that used
    in PKG_LIBS (except for Fortran: see the manual).
Flavors: r-devel-linux-x86_64-debian-clang, r-devel-linux-x86_64-debian-gcc, r-devel-linux-x86_64-fedora-clang, r-devel-linux-x86_64-fedora-gcc