CRAN Package Check Results for Package rdist

Last updated on 2019-05-24 05:47:48 CEST.

Flavor Version Tinstall Tcheck Ttotal Status Flags
r-devel-linux-x86_64-debian-clang 0.0.3 118.67 25.69 144.36 WARN
r-devel-linux-x86_64-debian-gcc 0.0.3 91.99 21.28 113.27 NOTE
r-devel-linux-x86_64-fedora-clang 0.0.3 235.76 WARN
r-devel-linux-x86_64-fedora-gcc 0.0.3 200.99 NOTE
r-devel-windows-ix86+x86_64 0.0.3 226.00 62.00 288.00 OK
r-patched-linux-x86_64 0.0.3 105.78 26.40 132.18 NOTE
r-patched-solaris-x86 0.0.3 200.80 OK
r-release-linux-x86_64 0.0.3 108.82 26.29 135.11 NOTE
r-release-windows-ix86+x86_64 0.0.3 285.00 58.00 343.00 OK
r-release-osx-x86_64 0.0.3 WARN
r-oldrel-windows-ix86+x86_64 0.0.3 292.00 60.00 352.00 OK
r-oldrel-osx-x86_64 0.0.3 WARN

Check Details

Version: 0.0.3
Check: whether package can be installed
Result: WARN
    Found the following significant warnings:
     dist.cpp:19:33: warning: explicitly assigning value of variable of type 'float' to itself [-Wself-assign]
     dist.cpp:65:33: warning: explicitly assigning value of variable of type 'float' to itself [-Wself-assign]
     dist.cpp:111:36: warning: explicitly assigning value of variable of type 'float' to itself [-Wself-assign]
Flavors: r-devel-linux-x86_64-debian-clang, r-devel-linux-x86_64-fedora-clang, r-release-osx-x86_64, r-oldrel-osx-x86_64

Version: 0.0.3
Check: use of SHLIB_OPENMP_*FLAGS in Makefiles
Result: NOTE
     src/Makevars: SHLIB_OPENMP_CXXFLAGS is included in PKG_CXXFLAGS but not in PKG_LIBS
     src/Makevars: SHLIB_OPENMP_CFLAGS is included in PKG_LIBS but linking is by C++
     src/Makevars.win: SHLIB_OPENMP_CXXFLAGS is included in PKG_CXXFLAGS but not in PKG_LIBS
     src/Makevars.win: SHLIB_OPENMP_CFLAGS is included in PKG_LIBS but linking is by C++
    Use of these macros is discussed in sect 1.2.1.1 of 'Writing R
    Extensions'. The macros for different languages may differ so the
    matching macro must be used in PKG_CXXFLAGS (etc) and match that used
    in PKG_LIBS (except for Fortran: see the manual).
Flavors: r-devel-linux-x86_64-debian-clang, r-devel-linux-x86_64-debian-gcc, r-devel-linux-x86_64-fedora-clang, r-devel-linux-x86_64-fedora-gcc, r-patched-linux-x86_64, r-release-linux-x86_64