Last updated on 2023-03-24 23:52:17 CET.
Flavor | Version | Tinstall | Tcheck | Ttotal | Status | Flags |
---|---|---|---|---|---|---|
r-devel-linux-x86_64-debian-clang | 0.8.2.1 | 2.35 | 28.69 | 31.04 | NOTE | |
r-devel-linux-x86_64-debian-gcc | 0.8.2.1 | 2.40 | 23.06 | 25.46 | NOTE | |
r-devel-linux-x86_64-fedora-clang | 0.8.2.1 | 42.19 | NOTE | |||
r-devel-linux-x86_64-fedora-gcc | 0.8.2.1 | 38.94 | NOTE | |||
r-patched-linux-x86_64 | 0.8.2.1 | 2.08 | 28.96 | 31.04 | NOTE | |
r-release-linux-x86_64 | 0.8.2.1 | 1.80 | 28.97 | 30.77 | NOTE | |
r-release-macos-arm64 | 0.8.2.1 | 21.00 | NOTE | |||
r-release-macos-x86_64 | 0.8.2.1 | 29.00 | NOTE | |||
r-release-windows-x86_64 | 0.8.2.1 | 17.00 | 68.00 | 85.00 | NOTE | |
r-oldrel-macos-arm64 | 0.8.2.1 | 18.00 | NOTE | |||
r-oldrel-macos-x86_64 | 0.8.2.1 | 30.00 | NOTE | |||
r-oldrel-windows-ix86+x86_64 | 0.8.2.1 | 8.00 | 55.00 | 63.00 | NOTE |
Version: 0.8.2.1
Check: LazyData
Result: NOTE
'LazyData' is specified without a 'data' directory
Flavors: r-devel-linux-x86_64-debian-clang, r-devel-linux-x86_64-debian-gcc, r-devel-linux-x86_64-fedora-clang, r-devel-linux-x86_64-fedora-gcc, r-patched-linux-x86_64, r-release-linux-x86_64, r-release-macos-arm64, r-release-macos-x86_64, r-release-windows-x86_64, r-oldrel-macos-arm64, r-oldrel-macos-x86_64, r-oldrel-windows-ix86+x86_64