CRAN Package Check Results for Package rdwplus

Last updated on 2022-01-24 17:50:07 CET.

Flavor Version Tinstall Tcheck Ttotal Status Flags
r-devel-linux-x86_64-debian-clang 0.1.0 20.93 228.66 249.59 NOTE
r-devel-linux-x86_64-debian-gcc 0.1.0 20.05 170.21 190.26 NOTE
r-devel-linux-x86_64-fedora-clang 0.1.0 305.52 NOTE
r-devel-linux-x86_64-fedora-gcc 0.1.0 325.21 NOTE
r-devel-windows-x86_64-new-UL 0.1.0 56.00 209.00 265.00 NOTE
r-devel-windows-x86_64-new-TK 0.1.0 NOTE
r-patched-linux-x86_64 0.1.0 22.60 220.72 243.32 NOTE
r-release-linux-x86_64 0.1.0 26.96 219.93 246.89 NOTE
r-release-macos-arm64 0.1.0 NOTE
r-release-macos-x86_64 0.1.0 NOTE
r-release-windows-ix86+x86_64 0.1.0 57.00 227.00 284.00 NOTE
r-oldrel-macos-x86_64 0.1.0 OK
r-oldrel-windows-ix86+x86_64 0.1.0 61.00 252.00 313.00 OK

Check Details

Version: 0.1.0
Check: LazyData
Result: NOTE
     'LazyData' is specified without a 'data' directory
Flavors: r-devel-linux-x86_64-debian-clang, r-devel-linux-x86_64-debian-gcc, r-devel-linux-x86_64-fedora-clang, r-devel-linux-x86_64-fedora-gcc, r-devel-windows-x86_64-new-UL, r-devel-windows-x86_64-new-TK, r-patched-linux-x86_64, r-release-linux-x86_64, r-release-macos-arm64, r-release-macos-x86_64, r-release-windows-ix86+x86_64