CRAN Package Check Results for Package readMzXmlData

Last updated on 2024-07-23 00:54:36 CEST.

Flavor Version Tinstall Tcheck Ttotal Status Flags
r-devel-linux-x86_64-debian-clang 2.8.3 4.03 33.87 37.90 NOTE
r-devel-linux-x86_64-debian-gcc 2.8.3 2.94 26.44 29.38 NOTE
r-devel-linux-x86_64-fedora-clang 2.8.3 49.45 NOTE
r-devel-linux-x86_64-fedora-gcc 2.8.3 45.62 NOTE
r-devel-windows-x86_64 2.8.3 5.00 47.00 52.00 NOTE
r-patched-linux-x86_64 2.8.3 2.92 32.99 35.91 NOTE
r-release-linux-x86_64 2.8.3 2.87 32.26 35.13 NOTE
r-release-macos-arm64 2.8.3 17.00 NOTE
r-release-macos-x86_64 2.8.3 26.00 NOTE
r-release-windows-x86_64 2.8.3 5.00 48.00 53.00 NOTE
r-oldrel-macos-arm64 2.8.3 21.00 OK
r-oldrel-macos-x86_64 2.8.3 45.00 OK
r-oldrel-windows-x86_64 2.8.3 4.00 46.00 50.00 OK

Check Details

Version: 2.8.3
Check: Rd files
Result: NOTE checkRd: (-1) readMzXmlDir.Rd:39: Lost braces in \itemize; \value handles \item{}{} directly checkRd: (-1) readMzXmlDir.Rd:40: Lost braces in \itemize; \value handles \item{}{} directly checkRd: (-1) readMzXmlDir.Rd:41: Lost braces in \itemize; \value handles \item{}{} directly checkRd: (-1) readMzXmlFile.Rd:21: Lost braces in \itemize; \value handles \item{}{} directly checkRd: (-1) readMzXmlFile.Rd:22: Lost braces in \itemize; \value handles \item{}{} directly checkRd: (-1) readMzXmlFile.Rd:23: Lost braces in \itemize; \value handles \item{}{} directly Flavors: r-devel-linux-x86_64-debian-clang, r-devel-linux-x86_64-debian-gcc, r-devel-linux-x86_64-fedora-clang, r-devel-linux-x86_64-fedora-gcc, r-devel-windows-x86_64, r-patched-linux-x86_64, r-release-linux-x86_64, r-release-macos-arm64, r-release-macos-x86_64, r-release-windows-x86_64

Version: 2.8.3
Check: Rd cross-references
Result: NOTE Undeclared package ‘MALDIquantForeign’ in Rd xrefs Flavor: r-devel-linux-x86_64-fedora-clang