Last updated on 2024-08-16 11:49:49 CEST.
Flavor | Version | Tinstall | Tcheck | Ttotal | Status | Flags |
---|---|---|---|---|---|---|
r-devel-linux-x86_64-debian-clang | 2.3.0 | 19.20 | 42.43 | 61.63 | NOTE | |
r-devel-linux-x86_64-debian-gcc | 2.3.0 | 14.43 | 31.23 | 45.66 | NOTE | |
r-devel-linux-x86_64-fedora-clang | 2.3.0 | 121.62 | NOTE | |||
r-devel-linux-x86_64-fedora-gcc | 2.3.0 | 122.37 | OK | |||
r-devel-windows-x86_64 | 2.3.0 | 30.00 | 82.00 | 112.00 | NOTE | |
r-patched-linux-x86_64 | 2.3.0 | 24.01 | 40.54 | 64.55 | OK | |
r-release-linux-x86_64 | 2.3.0 | 19.87 | 41.29 | 61.16 | OK | |
r-release-macos-arm64 | 2.3.0 | 45.00 | OK | |||
r-release-macos-x86_64 | 2.3.0 | 60.00 | OK | |||
r-release-windows-x86_64 | 2.3.0 | 31.00 | 82.00 | 113.00 | OK | |
r-oldrel-macos-arm64 | 2.3.0 | 47.00 | OK | |||
r-oldrel-macos-x86_64 | 2.3.0 | 88.00 | OK | |||
r-oldrel-windows-x86_64 | 2.3.0 | 35.00 | 95.00 | 130.00 | OK |
Version: 2.3.0
Check: Rd cross-references
Result: NOTE
Found the following Rd file(s) with Rd \link{} targets missing package
anchors:
read_ods.Rd: cellranger
Please provide package anchors for all Rd \link{} targets not in the
package itself and the base packages.
Flavors: r-devel-linux-x86_64-debian-clang, r-devel-linux-x86_64-debian-gcc, r-devel-windows-x86_64
Version: 2.3.0
Check: Rd cross-references
Result: NOTE
Undeclared packages ‘writexl’, ‘openxlsx’ in Rd xrefs
Flavor: r-devel-linux-x86_64-fedora-clang