CRAN Package Check Results for Package readtext

Last updated on 2020-11-25 17:47:58 CET.

Flavor Version Tinstall Tcheck Ttotal Status Flags
r-devel-linux-x86_64-debian-clang 0.80 6.13 63.00 69.13 OK
r-devel-linux-x86_64-debian-gcc 0.80 4.78 48.69 53.47 OK
r-devel-linux-x86_64-fedora-clang 0.80 85.21 NOTE
r-devel-linux-x86_64-fedora-gcc 0.80 79.62 NOTE
r-devel-windows-ix86+x86_64 0.80 10.00 93.00 103.00 OK
r-patched-linux-x86_64 0.80 5.67 62.80 68.47 OK
r-patched-solaris-x86 0.80 133.60 WARN
r-release-linux-x86_64 0.80 6.51 65.12 71.63 OK
r-release-macos-x86_64 0.80 NOTE
r-release-windows-ix86+x86_64 0.80 12.00 73.00 85.00 OK
r-oldrel-macos-x86_64 0.80 NOTE
r-oldrel-windows-ix86+x86_64 0.80 6.00 83.00 89.00 OK

Check Details

Version: 0.80
Check: data for non-ASCII characters
Result: NOTE
     Note: found 1 marked Latin-1 string
     Note: found 1 marked UTF-8 string
     Note: found 7 strings marked as "bytes"
Flavors: r-devel-linux-x86_64-fedora-clang, r-devel-linux-x86_64-fedora-gcc, r-patched-solaris-x86, r-release-macos-x86_64, r-oldrel-macos-x86_64

Version: 0.80
Check: re-building of vignette outputs
Result: WARN
    Error(s) in re-building vignettes:
     ...
    --- re-building ‘readtext_vignette.Rmd’ using rmarkdown
    Warning in engine$weave(file, quiet = quiet, encoding = enc) :
     Pandoc (>= 1.12.3) and/or pandoc-citeproc not available. Falling back to R Markdown v1.
    Loading required package: quanteda
    Package version: 2.1.2
    Parallel computing: 2 of 16 threads used.
    See https://quanteda.io for tutorials and examples.
    
    Attaching package: 'quanteda'
    
    The following object is masked from 'package:utils':
    
     View
    
    Quitting from lines 146-152 (readtext_vignette.Rmd)
    Error: processing vignette 'readtext_vignette.Rmd' failed with diagnostics:
    error in evaluating the argument 'x' in selecting a method for function 'as.list': error in evaluating the argument 'x' in selecting a method for function 'which': Illegal argument. (U_ILLEGAL_ARGUMENT_ERROR, context=`^\p{emoji_presentation}+$`)
    --- failed re-building ‘readtext_vignette.Rmd’
    
    SUMMARY: processing the following file failed:
     ‘readtext_vignette.Rmd’
    
    Error: Vignette re-building failed.
    Execution halted
Flavor: r-patched-solaris-x86