Last updated on 2023-03-30 17:52:40 CEST.
Flavor | Version | Tinstall | Tcheck | Ttotal | Status | Flags |
---|---|---|---|---|---|---|
r-devel-linux-x86_64-debian-clang | 0.3.0 | 80.02 | 68.00 | 148.02 | OK | |
r-devel-linux-x86_64-debian-gcc | 0.3.0 | 65.78 | 54.26 | 120.04 | OK | |
r-devel-linux-x86_64-fedora-clang | 0.3.0 | 213.78 | OK | |||
r-devel-linux-x86_64-fedora-gcc | 0.3.0 | 201.89 | OK | |||
r-patched-linux-x86_64 | 0.3.0 | 73.90 | 66.72 | 140.62 | OK | |
r-release-linux-x86_64 | 0.3.0 | 67.29 | 67.63 | 134.92 | OK | |
r-release-macos-arm64 | 0.3.0 | 49.00 | NOTE | |||
r-release-macos-x86_64 | 0.3.0 | 72.00 | NOTE | |||
r-release-windows-x86_64 | 0.3.0 | 88.00 | 144.00 | 232.00 | OK | |
r-oldrel-macos-arm64 | 0.3.0 | 58.00 | NOTE | |||
r-oldrel-macos-x86_64 | 0.3.0 | 78.00 | NOTE | |||
r-oldrel-windows-ix86+x86_64 | 0.3.0 | 182.00 | 145.00 | 327.00 | NOTE |
Version: 0.3.0
Check: installed package size
Result: NOTE
installed size is 5.2Mb
sub-directories of 1Mb or more:
doc 2.5Mb
libs 2.6Mb
Flavors: r-release-macos-arm64, r-release-macos-x86_64, r-oldrel-macos-arm64, r-oldrel-macos-x86_64, r-oldrel-windows-ix86+x86_64