CRAN Package Check Results for Package recipes

Last updated on 2021-07-27 11:51:16 CEST.

Flavor Version Tinstall Tcheck Ttotal Status Flags
r-devel-linux-x86_64-debian-clang 0.1.16 22.62 318.03 340.65 OK
r-devel-linux-x86_64-debian-gcc 0.1.16 17.50 238.53 256.03 OK
r-devel-linux-x86_64-fedora-clang 0.1.16 415.71 NOTE
r-devel-linux-x86_64-fedora-gcc 0.1.16 395.10 OK
r-devel-windows-x86_64 0.1.16 33.00 395.00 428.00 OK
r-devel-windows-x86_64-gcc10-UCRT 0.1.16 OK
r-patched-linux-x86_64 0.1.16 28.01 293.50 321.51 OK
r-patched-solaris-x86 0.1.16 505.70 OK
r-release-linux-x86_64 0.1.16 20.41 295.89 316.30 OK
r-release-macos-arm64 0.1.16 OK
r-release-macos-x86_64 0.1.16 OK
r-release-windows-ix86+x86_64 0.1.16 41.00 383.00 424.00 OK
r-oldrel-macos-x86_64 0.1.16 OK
r-oldrel-windows-ix86+x86_64 0.1.16 30.00 397.00 427.00 OK

Check Details

Version: 0.1.16
Check: Rd cross-references
Result: NOTE
    Undeclared packages ‘workflows’, ‘hardhat’ in Rd xrefs
Flavor: r-devel-linux-x86_64-fedora-clang