Last updated on 2023-03-24 23:52:17 CET.
Flavor | Version | Tinstall | Tcheck | Ttotal | Status | Flags |
---|---|---|---|---|---|---|
r-devel-linux-x86_64-debian-clang | 0.2.0 | 30.00 | 70.53 | 100.53 | NOTE | |
r-devel-linux-x86_64-debian-gcc | 0.2.0 | 19.16 | 50.81 | 69.97 | NOTE | |
r-devel-linux-x86_64-fedora-clang | 0.2.0 | 131.65 | NOTE | |||
r-devel-linux-x86_64-fedora-gcc | 0.2.0 | 127.18 | NOTE | |||
r-patched-linux-x86_64 | 0.2.0 | 23.08 | 63.59 | 86.67 | OK | |
r-release-linux-x86_64 | 0.2.0 | 21.30 | 63.54 | 84.84 | OK | |
r-release-macos-arm64 | 0.2.0 | 44.00 | OK | |||
r-release-macos-x86_64 | 0.2.0 | 62.00 | OK | |||
r-release-windows-x86_64 | 0.2.0 | 71.00 | 131.00 | 202.00 | OK | |
r-oldrel-macos-arm64 | 0.2.0 | 44.00 | OK | |||
r-oldrel-macos-x86_64 | 0.2.0 | 71.00 | OK | |||
r-oldrel-windows-ix86+x86_64 | 0.2.0 | 65.00 | 153.00 | 218.00 | OK |
Version: 0.2.0
Check: C++ specification
Result: NOTE
Specified C++11: please drop specification unless essential
Flavors: r-devel-linux-x86_64-debian-clang, r-devel-linux-x86_64-debian-gcc, r-devel-linux-x86_64-fedora-clang, r-devel-linux-x86_64-fedora-gcc
Version: 0.2.0
Check: Rd cross-references
Result: NOTE
Undeclared package ‘snow’ in Rd xrefs
Flavor: r-devel-linux-x86_64-fedora-clang