CRAN Package Check Results for Package red

Last updated on 2020-08-05 05:48:59 CEST.

Flavor Version Tinstall Tcheck Ttotal Status Flags
r-devel-linux-x86_64-debian-clang 1.5.0 21.82 187.60 209.42 OK
r-devel-linux-x86_64-debian-gcc 1.5.0 17.96 142.35 160.31 OK
r-devel-linux-x86_64-fedora-clang 1.5.0 259.21 OK
r-devel-linux-x86_64-fedora-gcc 1.5.0 263.53 OK
r-devel-windows-ix86+x86_64 1.5.0 77.00 219.00 296.00 OK
r-patched-linux-x86_64 1.5.0 16.51 182.71 199.22 OK
r-patched-solaris-x86 1.5.0 394.40 OK
r-release-linux-x86_64 1.5.0 17.72 188.00 205.72 OK
r-release-macos-x86_64 1.5.0 OK
r-release-windows-ix86+x86_64 1.5.0 67.00 301.00 368.00 OK
r-oldrel-macos-x86_64 1.5.0 WARN
r-oldrel-windows-ix86+x86_64 1.5.0 46.00 267.00 313.00 OK

Check Details

Version: 1.5.0
Check: whether package can be installed
Result: WARN
    Found the following significant warnings:
     Warning: 'rgl.init' failed, running with 'rgl.useNULL = TRUE'.
Flavor: r-oldrel-macos-x86_64