CRAN Package Check Results for Package reda

Last updated on 2023-06-07 12:00:45 CEST.

Flavor Version Tinstall Tcheck Ttotal Status Flags
r-devel-linux-x86_64-debian-clang 0.5.4 67.25 111.21 178.46 NOTE
r-devel-linux-x86_64-debian-gcc 0.5.4 52.41 83.46 135.87 NOTE
r-devel-linux-x86_64-fedora-clang 0.5.4 246.67 NOTE
r-devel-linux-x86_64-fedora-gcc 0.5.4 249.45 NOTE
r-devel-windows-x86_64 0.5.4 55.00 124.00 179.00 NOTE
r-patched-linux-x86_64 0.5.4 58.19 104.98 163.17 NOTE
r-release-linux-x86_64 0.5.4 56.76 104.82 161.58 NOTE
r-release-macos-arm64 0.5.4 70.00 NOTE
r-release-macos-x86_64 0.5.4 118.00 NOTE
r-release-windows-x86_64 0.5.4 68.00 152.00 220.00 NOTE
r-oldrel-macos-arm64 0.5.4 65.00 NOTE
r-oldrel-macos-x86_64 0.5.4 83.00 NOTE
r-oldrel-windows-x86_64 0.5.4 68.00 138.00 206.00 NOTE

Check Details

Version: 0.5.4
Check: C++ specification
Result: NOTE
     Specified C++11: please drop specification unless essential
Flavors: r-devel-linux-x86_64-debian-clang, r-devel-linux-x86_64-debian-gcc, r-devel-linux-x86_64-fedora-clang, r-devel-linux-x86_64-fedora-gcc, r-devel-windows-x86_64, r-patched-linux-x86_64, r-release-linux-x86_64, r-release-macos-arm64, r-release-macos-x86_64, r-release-windows-x86_64

Version: 0.5.4
Check: installed package size
Result: NOTE
     installed size is 5.0Mb
     sub-directories of 1Mb or more:
     doc 3.3Mb
     libs 1.1Mb
Flavors: r-devel-windows-x86_64, r-release-macos-arm64, r-release-macos-x86_64, r-release-windows-x86_64, r-oldrel-macos-arm64, r-oldrel-macos-x86_64, r-oldrel-windows-x86_64