CRAN Package Check Results for Package redcapAPI

Last updated on 2022-05-18 23:52:22 CEST.

Flavor Version Tinstall Tcheck Ttotal Status Flags
r-devel-linux-x86_64-debian-clang 2.3 5.59 45.60 51.19 OK
r-devel-linux-x86_64-debian-gcc 2.3 4.21 35.29 39.50 OK
r-devel-linux-x86_64-fedora-clang 2.3 63.19 NOTE
r-devel-linux-x86_64-fedora-gcc 2.3 60.64 NOTE
r-devel-windows-x86_64 2.3 59.00 60.00 119.00 OK
r-patched-linux-x86_64 2.3 4.10 44.35 48.45 OK
r-release-linux-x86_64 2.3 5.01 44.14 49.15 OK
r-release-macos-arm64 2.3 22.00 NOTE
r-release-macos-x86_64 2.3 36.00 NOTE
r-release-windows-x86_64 2.3 52.00 62.00 114.00 OK
r-oldrel-macos-arm64 2.3 20.00 NOTE
r-oldrel-macos-x86_64 2.3 27.00 NOTE
r-oldrel-windows-ix86+x86_64 2.3 10.00 55.00 65.00 OK

Check Details

Version: 2.3
Check: dependencies in R code
Result: NOTE
    Namespaces in Imports field not imported from:
     ‘DBI’ ‘readr’
     All declared Imports should be used.
Flavors: r-devel-linux-x86_64-fedora-clang, r-devel-linux-x86_64-fedora-gcc, r-release-macos-arm64, r-release-macos-x86_64, r-oldrel-macos-arm64, r-oldrel-macos-x86_64